{"id":2842,"date":[],"date_gmt":"2018-11-20T14:28:45","guid":{"rendered":"https:\/\/dev.lasemaineduson.be\/event\/concert-piano-viole-peter-jeurissen\/"},"modified":"2023-11-14T14:27:42","modified_gmt":"2023-11-14T13:27:42","slug":"concert-piano-viole-peter-jeurissen","status":"publish","type":"event","link":"https:\/\/www.lasemaineduson.be\/en\/event\/concert-piano-viole-peter-jeurissen\/","title":{"rendered":"CONCERT &#8211; Piano Viole &#8211; Peter Jeurissen"},"content":{"rendered":"<p><i>Concert<\/i><\/p>\n<p>UN CONCERT par Peter Jeurissen qui permettra au public de d\u00e9couvrir un instrument m\u00e9connu du grand public, le piano viole. L\u2019instrument rarissime a \u00e9t\u00e9 invent\u00e9 il y a plus de 500 ans par L\u00e9onard de Vinci. Le roi L\u00e9opold Ier en avait acquis un exemplaire en 1835. L\u2019instrument \u00e0 cordes frott\u00e9es et \u00e0 clavier a \u00e9t\u00e9 r\u00e9cemment retrouv\u00e9 dans les greniers du palais royal. Apr\u00e8s deux ann\u00e9es de restauration, nous proposerons un concert comment\u00e9 au public de la Semaine du Son.<\/p>\n<p>Pianiste et organiste Peter Jeurissen a \u00e9tudi\u00e9 au LUCA School of Arts \u00e0 Louvain, o\u00f9 il enseigne depuis de nombreuses ann\u00e9es. En tant qu&#8217;organiste, ses r\u00e9citals ont \u00e9t\u00e9 inclus dans la grande s\u00e9rie de concerts des cath\u00e9drales d&#8217;Anvers, Bruxelles et Gand et en 2014 il a enregistr\u00e9 un CD sur l&#8217;orgue de la cath\u00e9drale St-Rombaut \u00e0 Malines. Peter est actuellement organiste \u00e0 l&#8217;abbaye du Keizersberg \u00e0 Louvain. Peter est \u00e9galement pianiste-accompagnateur et coach vocal et en 2017 il a fond\u00e9 le Trio Sul Tasto avec la violoniste Yana Chernichenko et la violoncelliste Hanne De Nef.<\/p>\n","protected":false},"author":1,"featured_media":907,"template":"","meta":{"_acf_changed":false,"footnotes":""},"lieu":[915],"region":[],"event_type":[],"edition":[310],"class_list":["post-2842","event","type-event","status-publish","has-post-thumbnail","hentry","lieu-mim","edition-310"],"acf":[],"_links":{"self":[{"href":"https:\/\/www.lasemaineduson.be\/en\/wp-json\/wp\/v2\/event\/2842","targetHints":{"allow":["GET"]}}],"collection":[{"href":"https:\/\/www.lasemaineduson.be\/en\/wp-json\/wp\/v2\/event"}],"about":[{"href":"https:\/\/www.lasemaineduson.be\/en\/wp-json\/wp\/v2\/types\/event"}],"author":[{"embeddable":true,"href":"https:\/\/www.lasemaineduson.be\/en\/wp-json\/wp\/v2\/users\/1"}],"version-history":[{"count":1,"href":"https:\/\/www.lasemaineduson.be\/en\/wp-json\/wp\/v2\/event\/2842\/revisions"}],"predecessor-version":[{"id":2845,"href":"https:\/\/www.lasemaineduson.be\/en\/wp-json\/wp\/v2\/event\/2842\/revisions\/2845"}],"wp:featuredmedia":[{"embeddable":true,"href":"https:\/\/www.lasemaineduson.be\/en\/wp-json\/wp\/v2\/media\/907"}],"wp:attachment":[{"href":"https:\/\/www.lasemaineduson.be\/en\/wp-json\/wp\/v2\/media?parent=2842"}],"wp:term":[{"taxonomy":"date","embeddable":true,"href":"https:\/\/www.lasemaineduson.be\/en\/wp-json\/wp\/v2\/date?post=2842"},{"taxonomy":"lieu","embeddable":true,"href":"https:\/\/www.lasemaineduson.be\/en\/wp-json\/wp\/v2\/lieu?post=2842"},{"taxonomy":"region","embeddable":true,"href":"https:\/\/www.lasemaineduson.be\/en\/wp-json\/wp\/v2\/region?post=2842"},{"taxonomy":"event_type","embeddable":true,"href":"https:\/\/www.lasemaineduson.be\/en\/wp-json\/wp\/v2\/event_type?post=2842"},{"taxonomy":"edition","embeddable":true,"href":"https:\/\/www.lasemaineduson.be\/en\/wp-json\/wp\/v2\/edition?post=2842"}],"curies":[{"name":"wp","href":"https:\/\/api.w.org\/{rel}","templated":true}]}}

<p><i>Concert</i></p>
<p>UN CONCERT par Peter Jeurissen qui permettra au public de découvrir un instrument méconnu du grand public, le piano viole. L’instrument rarissime a été inventé il y a plus de 500 ans par Léonard de Vinci. Le roi Léopold Ier en avait acquis un exemplaire en 1835. L’instrument à cordes frottées et à clavier a été récemment retrouvé dans les greniers du palais royal. Après deux années de restauration, nous proposerons un concert commenté au public de la Semaine du Son.</p>
<p>Pianiste et organiste Peter Jeurissen a étudié au LUCA School of Arts à Louvain, où il enseigne depuis de nombreuses années. En tant qu&#8217;organiste, ses récitals ont été inclus dans la grande série de concerts des cathédrales d&#8217;Anvers, Bruxelles et Gand et en 2014 il a enregistré un CD sur l&#8217;orgue de la cathédrale St-Rombaut à Malines. Peter est actuellement organiste à l&#8217;abbaye du Keizersberg à Louvain. Peter est également pianiste-accompagnateur et coach vocal et en 2017 il a fondé le Trio Sul Tasto avec la violoniste Yana Chernichenko et la violoncelliste Hanne De Nef.</p>
