{"id":2878,"date":[],"date_gmt":"2019-01-05T19:58:33","guid":{"rendered":"https:\/\/dev.lasemaineduson.be\/event\/ecoute-belgodrama-un-panorama-de-la-fiction-belge-acsr\/"},"modified":"2023-11-14T14:27:37","modified_gmt":"2023-11-14T13:27:37","slug":"ecoute-belgodrama-un-panorama-de-la-fiction-belge-acsr","status":"publish","type":"event","link":"https:\/\/www.lasemaineduson.be\/en\/event\/ecoute-belgodrama-un-panorama-de-la-fiction-belge-acsr\/","title":{"rendered":"\u00c9COUTE &#8211; BELGO(D)RAMA &#8211; Un panorama de la fiction belge &#8211; ACSR"},"content":{"rendered":"<p><strong>\u00c9coute publique de \u00ab Version 133<\/strong> \u00bb, une fiction radio de Sebastian Dicenaire<\/p>\n<p><em>Et si d\u2019autres mondes \u00e9taient possibles ? Et si les Cit\u00e9s de la Gr\u00e8ce antique (Ath\u00e8nes, Argos, Th\u00e8bes\u2026) avaient colonis\u00e9 des continents et \u00e9taient devenues de v\u00e9ritables civilisations modernes ? Et si les super-h\u00e9ros avaient r\u00e9ellement exist\u00e9 ? Et si un \u00ab journaliste-pr\u00eatre \u00bb aux \u00e9tranges pouvoirs \u00e9tait envoy\u00e9 par son Dieu dans ce monde pour y mener une enqu\u00eate ? Une uchronie librement adapt\u00e9e de la trag\u00e9die d\u2019Euripide Les H\u00e9raclides \u2013 mais surtout une f\u00e9roce satyre politique et sociale de notre temps.<\/em><\/p>\n<p>&nbsp;<\/p>\n<p>Suivi d&#8217;une <strong>discussion autour de la fiction radio en Belgique<\/strong> anim\u00e9e par Romain Detroy, chroniqueur culturel dans l\u2019\u00e9mission Entrez sans frapper sur la Premi\u00e8re (RTBF).<\/p>\n<p>Avec les r\u00e9alisateurs Wederik De Backer &#8211; auteur n\u00e9erlandophone qui a remport\u00e9 le prix fiction Europa 2017 pour \u00ab\u00a0Almanak\u00a0\u00bb &#8211; et Sebastian Dicenaire &#8211; auteur francophone dont les fictions radiophoniques sont r\u00e9guli\u00e8rement remarqu\u00e9es en festivals, comme sa s\u00e9rie \u00ab\u00a0Pamela\u00a0\u00bb (Prix Phonurgia Nova de la fiction radio 2016). R\u00e9cemment, il a \u00e9crit la s\u00e9rie \u00ab\u00a0DreamStation\u00a0\u00bb pour le podcast natif de France Culture, diffus\u00e9e \u00e0 l\u2019automne 2018.<\/p>\n<p>&nbsp;<\/p>\n","protected":false},"author":1,"featured_media":1027,"template":"","meta":{"_acf_changed":false,"footnotes":""},"lieu":[934],"region":[],"event_type":[],"edition":[310],"class_list":["post-2878","event","type-event","status-publish","has-post-thumbnail","hentry","lieu-centre-culturel-jacques-franck","edition-310"],"acf":[],"_links":{"self":[{"href":"https:\/\/www.lasemaineduson.be\/en\/wp-json\/wp\/v2\/event\/2878","targetHints":{"allow":["GET"]}}],"collection":[{"href":"https:\/\/www.lasemaineduson.be\/en\/wp-json\/wp\/v2\/event"}],"about":[{"href":"https:\/\/www.lasemaineduson.be\/en\/wp-json\/wp\/v2\/types\/event"}],"author":[{"embeddable":true,"href":"https:\/\/www.lasemaineduson.be\/en\/wp-json\/wp\/v2\/users\/1"}],"version-history":[{"count":1,"href":"https:\/\/www.lasemaineduson.be\/en\/wp-json\/wp\/v2\/event\/2878\/revisions"}],"predecessor-version":[{"id":3303,"href":"https:\/\/www.lasemaineduson.be\/en\/wp-json\/wp\/v2\/event\/2878\/revisions\/3303"}],"wp:featuredmedia":[{"embeddable":true,"href":"https:\/\/www.lasemaineduson.be\/en\/wp-json\/wp\/v2\/media\/1027"}],"wp:attachment":[{"href":"https:\/\/www.lasemaineduson.be\/en\/wp-json\/wp\/v2\/media?parent=2878"}],"wp:term":[{"taxonomy":"date","embeddable":true,"href":"https:\/\/www.lasemaineduson.be\/en\/wp-json\/wp\/v2\/date?post=2878"},{"taxonomy":"lieu","embeddable":true,"href":"https:\/\/www.lasemaineduson.be\/en\/wp-json\/wp\/v2\/lieu?post=2878"},{"taxonomy":"region","embeddable":true,"href":"https:\/\/www.lasemaineduson.be\/en\/wp-json\/wp\/v2\/region?post=2878"},{"taxonomy":"event_type","embeddable":true,"href":"https:\/\/www.lasemaineduson.be\/en\/wp-json\/wp\/v2\/event_type?post=2878"},{"taxonomy":"edition","embeddable":true,"href":"https:\/\/www.lasemaineduson.be\/en\/wp-json\/wp\/v2\/edition?post=2878"}],"curies":[{"name":"wp","href":"https:\/\/api.w.org\/{rel}","templated":true}]}}

ÉCOUTE &#8211; BELGO(D)RAMA &#8211; Un panorama de la fiction belge &#8211; ACSR

<p><strong>Écoute publique de « Version 133</strong> », une fiction radio de Sebastian Dicenaire</p>
<p><em>Et si d’autres mondes étaient possibles ? Et si les Cités de la Grèce antique (Athènes, Argos, Thèbes…) avaient colonisé des continents et étaient devenues de véritables civilisations modernes ? Et si les super-héros avaient réellement existé ? Et si un « journaliste-prêtre » aux étranges pouvoirs était envoyé par son Dieu dans ce monde pour y mener une enquête ? Une uchronie librement adaptée de la tragédie d’Euripide Les Héraclides – mais surtout une féroce satyre politique et sociale de notre temps.</em></p>
<p>&nbsp;</p>
<p>Suivi d&#8217;une <strong>discussion autour de la fiction radio en Belgique</strong> animée par Romain Detroy, chroniqueur culturel dans l’émission Entrez sans frapper sur la Première (RTBF).</p>
<p>Avec les réalisateurs Wederik De Backer &#8211; auteur néerlandophone qui a remporté le prix fiction Europa 2017 pour « Almanak » &#8211; et Sebastian Dicenaire &#8211; auteur francophone dont les fictions radiophoniques sont régulièrement remarquées en festivals, comme sa série « Pamela » (Prix Phonurgia Nova de la fiction radio 2016). Récemment, il a écrit la série « DreamStation » pour le podcast natif de France Culture, diffusée à l’automne 2018.</p>
<p>&nbsp;</p>
