{"id":2959,"date":[],"date_gmt":"2019-01-22T10:43:16","guid":{"rendered":"https:\/\/dev.lasemaineduson.be\/event\/concert-lieder-sur-les-poemes-de-schiller\/"},"modified":"2023-11-14T14:27:27","modified_gmt":"2023-11-14T13:27:27","slug":"concert-lieder-sur-les-poemes-de-schiller","status":"publish","type":"event","link":"https:\/\/www.lasemaineduson.be\/en\/event\/concert-lieder-sur-les-poemes-de-schiller\/","title":{"rendered":"CONCERT Lieder sur les po\u00e8mes de Schiller"},"content":{"rendered":"<p>LIEDER SUR LES POEMES DE FRIEDRICH SCHILLER<\/p>\n<p>CONCERT COMMENTE DANS LE CADRE DU CYCLE \u00ab ECHOS : MUSIQUES &amp; PENSEES \u00bb<\/p>\n<p>Friedrich v. Schiller est unanimement consid\u00e9r\u00e9 comme le plus grand po\u00e8te et dramaturge classique allemand. Passionn\u00e9 pour les id\u00e9es de la R\u00e9volution fran\u00e7aise, c\u2019est selon lui, \u00e0 travers la Culture, l\u2019\u00e9ducation au Beau et au Sublime que l\u2019homme deviendra in\u00e9vitablement meilleur.<\/p>\n<p>Des po\u00e8mes de Schiller furent mis en musique par de nombreux compositeurs. Beethoven, lui aussi inspir\u00e9 par les textes de Schiller, disait qu\u2019un grand po\u00e8me est plus difficile \u00e0 mettre en musique que s\u2019il est simplement bon, car le compositeur doit alors pouvoir se hisser au-dessus du niveau du po\u00e8te, \u201c\u2026 et qui serait capable de faire cela dans le cas de Schiller ? De ce point de vue, Goethe est beaucoup plus facile\u201d.<\/p>\n<p>Programme\u2009: Lieder de Beethoven, Schubert, Mendelssohn, Liszt, etc.<\/p>\n<p>Musiciens :<\/p>\n<p>Joris Bosman &#8211; t\u00e9nor<\/p>\n<p>Thierry Fievet &#8211; piano<\/p>\n<p>Commentaire : Rodolphe de Borchgrave<\/p>\n","protected":false},"author":1,"featured_media":1285,"template":"","meta":{"_acf_changed":false,"footnotes":""},"lieu":[943],"region":[],"event_type":[],"edition":[310],"class_list":["post-2959","event","type-event","status-publish","has-post-thumbnail","hentry","lieu-la-venerie-delvaux","edition-310"],"acf":[],"_links":{"self":[{"href":"https:\/\/www.lasemaineduson.be\/en\/wp-json\/wp\/v2\/event\/2959","targetHints":{"allow":["GET"]}}],"collection":[{"href":"https:\/\/www.lasemaineduson.be\/en\/wp-json\/wp\/v2\/event"}],"about":[{"href":"https:\/\/www.lasemaineduson.be\/en\/wp-json\/wp\/v2\/types\/event"}],"author":[{"embeddable":true,"href":"https:\/\/www.lasemaineduson.be\/en\/wp-json\/wp\/v2\/users\/1"}],"version-history":[{"count":1,"href":"https:\/\/www.lasemaineduson.be\/en\/wp-json\/wp\/v2\/event\/2959\/revisions"}],"predecessor-version":[{"id":3384,"href":"https:\/\/www.lasemaineduson.be\/en\/wp-json\/wp\/v2\/event\/2959\/revisions\/3384"}],"wp:featuredmedia":[{"embeddable":true,"href":"https:\/\/www.lasemaineduson.be\/en\/wp-json\/wp\/v2\/media\/1285"}],"wp:attachment":[{"href":"https:\/\/www.lasemaineduson.be\/en\/wp-json\/wp\/v2\/media?parent=2959"}],"wp:term":[{"taxonomy":"date","embeddable":true,"href":"https:\/\/www.lasemaineduson.be\/en\/wp-json\/wp\/v2\/date?post=2959"},{"taxonomy":"lieu","embeddable":true,"href":"https:\/\/www.lasemaineduson.be\/en\/wp-json\/wp\/v2\/lieu?post=2959"},{"taxonomy":"region","embeddable":true,"href":"https:\/\/www.lasemaineduson.be\/en\/wp-json\/wp\/v2\/region?post=2959"},{"taxonomy":"event_type","embeddable":true,"href":"https:\/\/www.lasemaineduson.be\/en\/wp-json\/wp\/v2\/event_type?post=2959"},{"taxonomy":"edition","embeddable":true,"href":"https:\/\/www.lasemaineduson.be\/en\/wp-json\/wp\/v2\/edition?post=2959"}],"curies":[{"name":"wp","href":"https:\/\/api.w.org\/{rel}","templated":true}]}}

CONCERT Lieder sur les poèmes de Schiller

<p>LIEDER SUR LES POEMES DE FRIEDRICH SCHILLER</p>
<p>CONCERT COMMENTE DANS LE CADRE DU CYCLE « ECHOS : MUSIQUES &amp; PENSEES »</p>
<p>Friedrich v. Schiller est unanimement considéré comme le plus grand poète et dramaturge classique allemand. Passionné pour les idées de la Révolution française, c’est selon lui, à travers la Culture, l’éducation au Beau et au Sublime que l’homme deviendra inévitablement meilleur.</p>
<p>Des poèmes de Schiller furent mis en musique par de nombreux compositeurs. Beethoven, lui aussi inspiré par les textes de Schiller, disait qu’un grand poème est plus difficile à mettre en musique que s’il est simplement bon, car le compositeur doit alors pouvoir se hisser au-dessus du niveau du poète, “… et qui serait capable de faire cela dans le cas de Schiller ? De ce point de vue, Goethe est beaucoup plus facile”.</p>
<p>Programme : Lieder de Beethoven, Schubert, Mendelssohn, Liszt, etc.</p>
<p>Musiciens :</p>
<p>Joris Bosman &#8211; ténor</p>
<p>Thierry Fievet &#8211; piano</p>
<p>Commentaire : Rodolphe de Borchgrave</p>
