{"id":2960,"date":[],"date_gmt":"2019-01-22T11:47:35","guid":{"rendered":"https:\/\/dev.lasemaineduson.be\/event\/audio-avec-un-lien-bruxellois-klankverbond\/"},"modified":"2023-11-14T14:27:27","modified_gmt":"2023-11-14T13:27:27","slug":"audio-avec-un-lien-bruxellois-klankverbond","status":"publish","type":"event","link":"https:\/\/www.lasemaineduson.be\/en\/event\/audio-avec-un-lien-bruxellois-klankverbond\/","title":{"rendered":"AUDIO AVEC UN LIEN BRUXELLOIS &#8211; KLANKVERBOND"},"content":{"rendered":"<p>Klankverbond est l&#8217;association professionnelle des fabricants de mat\u00e9riel audio r\u00e9cemment fond\u00e9e. Klankverbond unit et d\u00e9fend tous ceux qui font &#8220;quelque chose avec l&#8217;audio&#8221; : podcasters, artistes du son, documentaristes radiophoniques, acteurs de la voix, concepteurs sonores, \u00e9crivains,&#8230; Une entreprise color\u00e9e qui s&#8217;est unifi\u00e9e par amour du m\u00e9tier du son mais surtout par n\u00e9cessit\u00e9.<\/p>\n<p>Klankverbond se pr\u00e9sente comme le porte-parole du secteur et souhaite ancrer plus fortement l&#8217;audio dans les m\u00e9dias et les arts. L&#8217;association souhaite professionnaliser le paysage audio en insistant, entre autres, sur le financement et le contr\u00f4le de la qualit\u00e9 du travail audio.<br \/>\nwww.klankverbond.be<\/p>\n<p>Dans le cadre de la Semaine du Son, qui se d\u00e9roule cette ann\u00e9e du samedi 26 janvier au dimanche 3 f\u00e9vrier, Klankverbond s\u00e9lectionne neuf \u0153uvres audio de producteurs ind\u00e9pendants. Pour chaque jour de la Semaine du son, une pi\u00e8ce audio. Le fil conducteur de cette s\u00e9lection est &#8221; le lien avec Bruxelles &#8220;. La s\u00e9lection comprend \u00e9galement diff\u00e9rents styles. L&#8217;auditeur est initi\u00e9 \u00e0 la polyvalence du support audio : portrait, fiction, promenade sonore, journalisme, &#8230;. Avec cette initiative en collaboration avec BRUZZ, Klankverbond veut mettre en valeur le support audio comme profession et comme support artistique par la radio.<\/p>\n<p>&nbsp;<\/p>\n","protected":false},"author":1,"featured_media":1289,"template":"","meta":{"_acf_changed":false,"footnotes":""},"lieu":[972],"region":[],"event_type":[],"edition":[310],"class_list":["post-2960","event","type-event","status-publish","has-post-thumbnail","hentry","lieu-bruzz","edition-310"],"acf":[],"_links":{"self":[{"href":"https:\/\/www.lasemaineduson.be\/en\/wp-json\/wp\/v2\/event\/2960","targetHints":{"allow":["GET"]}}],"collection":[{"href":"https:\/\/www.lasemaineduson.be\/en\/wp-json\/wp\/v2\/event"}],"about":[{"href":"https:\/\/www.lasemaineduson.be\/en\/wp-json\/wp\/v2\/types\/event"}],"author":[{"embeddable":true,"href":"https:\/\/www.lasemaineduson.be\/en\/wp-json\/wp\/v2\/users\/1"}],"version-history":[{"count":1,"href":"https:\/\/www.lasemaineduson.be\/en\/wp-json\/wp\/v2\/event\/2960\/revisions"}],"predecessor-version":[{"id":3385,"href":"https:\/\/www.lasemaineduson.be\/en\/wp-json\/wp\/v2\/event\/2960\/revisions\/3385"}],"wp:featuredmedia":[{"embeddable":true,"href":"https:\/\/www.lasemaineduson.be\/en\/wp-json\/wp\/v2\/media\/1289"}],"wp:attachment":[{"href":"https:\/\/www.lasemaineduson.be\/en\/wp-json\/wp\/v2\/media?parent=2960"}],"wp:term":[{"taxonomy":"date","embeddable":true,"href":"https:\/\/www.lasemaineduson.be\/en\/wp-json\/wp\/v2\/date?post=2960"},{"taxonomy":"lieu","embeddable":true,"href":"https:\/\/www.lasemaineduson.be\/en\/wp-json\/wp\/v2\/lieu?post=2960"},{"taxonomy":"region","embeddable":true,"href":"https:\/\/www.lasemaineduson.be\/en\/wp-json\/wp\/v2\/region?post=2960"},{"taxonomy":"event_type","embeddable":true,"href":"https:\/\/www.lasemaineduson.be\/en\/wp-json\/wp\/v2\/event_type?post=2960"},{"taxonomy":"edition","embeddable":true,"href":"https:\/\/www.lasemaineduson.be\/en\/wp-json\/wp\/v2\/edition?post=2960"}],"curies":[{"name":"wp","href":"https:\/\/api.w.org\/{rel}","templated":true}]}}

<p>Klankverbond est l&#8217;association professionnelle des fabricants de matériel audio récemment fondée. Klankverbond unit et défend tous ceux qui font &#8220;quelque chose avec l&#8217;audio&#8221; : podcasters, artistes du son, documentaristes radiophoniques, acteurs de la voix, concepteurs sonores, écrivains,&#8230; Une entreprise colorée qui s&#8217;est unifiée par amour du métier du son mais surtout par nécessité.</p>
<p>Klankverbond se présente comme le porte-parole du secteur et souhaite ancrer plus fortement l&#8217;audio dans les médias et les arts. L&#8217;association souhaite professionnaliser le paysage audio en insistant, entre autres, sur le financement et le contrôle de la qualité du travail audio.<br />
www.klankverbond.be</p>
<p>Dans le cadre de la Semaine du Son, qui se déroule cette année du samedi 26 janvier au dimanche 3 février, Klankverbond sélectionne neuf œuvres audio de producteurs indépendants. Pour chaque jour de la Semaine du son, une pièce audio. Le fil conducteur de cette sélection est &#8221; le lien avec Bruxelles &#8220;. La sélection comprend également différents styles. L&#8217;auditeur est initié à la polyvalence du support audio : portrait, fiction, promenade sonore, journalisme, &#8230;. Avec cette initiative en collaboration avec BRUZZ, Klankverbond veut mettre en valeur le support audio comme profession et comme support artistique par la radio.</p>
<p>&nbsp;</p>
