{"id":3043,"date":[],"date_gmt":"2019-12-25T14:23:35","guid":{"rendered":"https:\/\/dev.lasemaineduson.be\/event\/vernissage-rainforest\/"},"modified":"2023-11-14T14:27:18","modified_gmt":"2023-11-14T13:27:18","slug":"vernissage-rainforest","status":"publish","type":"event","link":"https:\/\/www.lasemaineduson.be\/en\/event\/vernissage-rainforest\/","title":{"rendered":"Vernissage: Rainforest"},"content":{"rendered":"<p><span style=\"font-weight: 400;\">Les \u00e9l\u00e8ves de l\u2019Acad\u00e9mie d\u2019Anderlecht r\u00e9interpr\u00e8tent la composition Rainforest de David Tudor (1926-1996), performeur et compositeur Am\u00e9ricain.<\/span><\/p>\n<p>L&#8217;installation est accessible:<\/p>\n<ul>\n<li><span style=\"font-weight: 400;\">le jeudi 30 janvier de 12h30 \u00e0 20h00<\/span><\/li>\n<li><span style=\"font-weight: 400;\">le vendredi 31 janvier de 12h30 \u00e0 20h00\u00a0 \u00a0\u00a0<\/span><\/li>\n<li><span style=\"font-weight: 400;\">le samedi 1 f\u00e9vrier de 09h00 \u00e0 17h30 <\/span><\/li>\n<\/ul>\n","protected":false},"author":1,"featured_media":1548,"template":"","meta":{"_acf_changed":false,"footnotes":""},"lieu":[1005],"region":[],"event_type":[],"edition":[476],"class_list":["post-3043","event","type-event","status-publish","has-post-thumbnail","hentry","lieu-academie-anderlecht","edition-476"],"acf":[],"_links":{"self":[{"href":"https:\/\/www.lasemaineduson.be\/en\/wp-json\/wp\/v2\/event\/3043","targetHints":{"allow":["GET"]}}],"collection":[{"href":"https:\/\/www.lasemaineduson.be\/en\/wp-json\/wp\/v2\/event"}],"about":[{"href":"https:\/\/www.lasemaineduson.be\/en\/wp-json\/wp\/v2\/types\/event"}],"author":[{"embeddable":true,"href":"https:\/\/www.lasemaineduson.be\/en\/wp-json\/wp\/v2\/users\/1"}],"version-history":[{"count":1,"href":"https:\/\/www.lasemaineduson.be\/en\/wp-json\/wp\/v2\/event\/3043\/revisions"}],"predecessor-version":[{"id":3477,"href":"https:\/\/www.lasemaineduson.be\/en\/wp-json\/wp\/v2\/event\/3043\/revisions\/3477"}],"wp:featuredmedia":[{"embeddable":true,"href":"https:\/\/www.lasemaineduson.be\/en\/wp-json\/wp\/v2\/media\/1548"}],"wp:attachment":[{"href":"https:\/\/www.lasemaineduson.be\/en\/wp-json\/wp\/v2\/media?parent=3043"}],"wp:term":[{"taxonomy":"date","embeddable":true,"href":"https:\/\/www.lasemaineduson.be\/en\/wp-json\/wp\/v2\/date?post=3043"},{"taxonomy":"lieu","embeddable":true,"href":"https:\/\/www.lasemaineduson.be\/en\/wp-json\/wp\/v2\/lieu?post=3043"},{"taxonomy":"region","embeddable":true,"href":"https:\/\/www.lasemaineduson.be\/en\/wp-json\/wp\/v2\/region?post=3043"},{"taxonomy":"event_type","embeddable":true,"href":"https:\/\/www.lasemaineduson.be\/en\/wp-json\/wp\/v2\/event_type?post=3043"},{"taxonomy":"edition","embeddable":true,"href":"https:\/\/www.lasemaineduson.be\/en\/wp-json\/wp\/v2\/edition?post=3043"}],"curies":[{"name":"wp","href":"https:\/\/api.w.org\/{rel}","templated":true}]}}

<p><span style="font-weight: 400;">Les élèves de l’Académie d’Anderlecht réinterprètent la composition Rainforest de David Tudor (1926-1996), performeur et compositeur Américain.</span></p>
<p>L&#8217;installation est accessible:</p>
<ul>
<li><span style="font-weight: 400;">le jeudi 30 janvier de 12h30 à 20h00</span></li>
<li><span style="font-weight: 400;">le vendredi 31 janvier de 12h30 à 20h00    </span></li>
<li><span style="font-weight: 400;">le samedi 1 février de 09h00 à 17h30 </span></li>
</ul>
