{"id":3049,"date":[],"date_gmt":"2019-12-27T16:30:20","guid":{"rendered":"https:\/\/dev.lasemaineduson.be\/event\/activites-recurrentes-expos-installations-30-janvier\/"},"modified":"2023-11-14T14:27:17","modified_gmt":"2023-11-14T13:27:17","slug":"activites-recurrentes-expos-installations-30-janvier","status":"publish","type":"event","link":"https:\/\/www.lasemaineduson.be\/en\/event\/activites-recurrentes-expos-installations-30-janvier\/","title":{"rendered":"Activit\u00e9s r\u00e9currentes (expos, installations,&#8230;): 30 janvier"},"content":{"rendered":"<p><strong>Diff\u00e9rents horaires ANDERLECHT<\/strong> <a href=\"https:\/\/www.lasemaineduson.be\/event\/parcours-sonore-antenna-anderlecht\/\"><em>Parcours sonore \u2018Antenna\u2019<\/em><\/a>.<b> <\/b><\/p>\n<p><span style=\"font-weight: 400;\"><strong>12:00 &gt; 17:30 ARBA<\/strong> <a href=\"https:\/\/www.lasemaineduson.be\/event\/installations-city-sonicarba-esa\/\">Installations<\/a><\/span> <span style=\"font-weight: 400;\"><em>City Sonic@ArBa-EsA<\/em>.\u00a0<\/span><\/p>\n<p><span style=\"font-weight: 400;\"><b>10:00 &gt; 16:00<\/b><strong> MIM<\/strong> <a href=\"https:\/\/www.lasemaineduson.be\/event\/ouverture-installation-multiplicity-via-overtoon\/\">Multiplicity<\/a> &#8211; <em>Justin Bennett<\/em>.\u00a0<\/span><\/p>\n<p><span style=\"font-weight: 400;\"><strong>10:30 &gt; 18:00\u00a0 CENTRALE<\/strong> <\/span><span style=\"font-weight: 400;\"><a href=\"https:\/\/www.lasemaineduson.be\/event\/installation-video-planet-b\/\">Installation video <\/a>\u00a0<em>There is no <\/em><i>Planet B.\u00a0<\/i><\/span><\/p>\n<p><b>11:00 &gt; 18:00 GALERIE DE L&#8217;ERG <\/b><a href=\"https:\/\/www.lasemaineduson.be\/event\/vernissage-installation-le-son-de-limage-2\/\">Installation Le son de l&#8217;Image<\/a>.<\/p>\n<p><b>12:30 &gt; 20:00 ACAD\u00c9MIE D&#8217;ANDERLECHT\u00a0<\/b><a href=\"https:\/\/www.lasemaineduson.be\/event\/vernissage-rainforest\/\">Installation <em>Rainforest<\/em><\/a>.<\/p>\n<p><b>17:00 &gt; 20:00<\/b> <strong>FLAGEY <\/strong><a href=\"https:\/\/www.lasemaineduson.be\/event\/vernissage-living-pages-laureats-du-concours-field-recording\/\">Installation <em>Living Pages<\/em><\/a>.<\/p>\n<p><b>17:00 &gt; 20:00<\/b> <strong>FLAGEY <\/strong><a href=\"https:\/\/www.lasemaineduson.be\/event\/vernissage-living-pages-laureats-du-concours-field-recording\/\">Installation <em>Laur\u00e9ats Concours<\/em>.<\/a><\/p>\n<p><strong>19:00 &amp; 21:00 STATION DES R\u00caVEURS <\/strong><a href=\"https:\/\/www.lasemaineduson.be\/event\/lost-in-time-episode-i-le-debut-du-voyage-2\/\"><em>Lost in time<\/em><\/a><\/p>\n","protected":false},"author":1,"featured_media":1561,"template":"","meta":{"_acf_changed":false,"footnotes":""},"lieu":[],"region":[],"event_type":[],"edition":[476],"class_list":["post-3049","event","type-event","status-publish","has-post-thumbnail","hentry","edition-476"],"acf":[],"_links":{"self":[{"href":"https:\/\/www.lasemaineduson.be\/en\/wp-json\/wp\/v2\/event\/3049","targetHints":{"allow":["GET"]}}],"collection":[{"href":"https:\/\/www.lasemaineduson.be\/en\/wp-json\/wp\/v2\/event"}],"about":[{"href":"https:\/\/www.lasemaineduson.be\/en\/wp-json\/wp\/v2\/types\/event"}],"author":[{"embeddable":true,"href":"https:\/\/www.lasemaineduson.be\/en\/wp-json\/wp\/v2\/users\/1"}],"version-history":[{"count":1,"href":"https:\/\/www.lasemaineduson.be\/en\/wp-json\/wp\/v2\/event\/3049\/revisions"}],"predecessor-version":[{"id":3483,"href":"https:\/\/www.lasemaineduson.be\/en\/wp-json\/wp\/v2\/event\/3049\/revisions\/3483"}],"wp:featuredmedia":[{"embeddable":true,"href":"https:\/\/www.lasemaineduson.be\/en\/wp-json\/wp\/v2\/media\/1561"}],"wp:attachment":[{"href":"https:\/\/www.lasemaineduson.be\/en\/wp-json\/wp\/v2\/media?parent=3049"}],"wp:term":[{"taxonomy":"date","embeddable":true,"href":"https:\/\/www.lasemaineduson.be\/en\/wp-json\/wp\/v2\/date?post=3049"},{"taxonomy":"lieu","embeddable":true,"href":"https:\/\/www.lasemaineduson.be\/en\/wp-json\/wp\/v2\/lieu?post=3049"},{"taxonomy":"region","embeddable":true,"href":"https:\/\/www.lasemaineduson.be\/en\/wp-json\/wp\/v2\/region?post=3049"},{"taxonomy":"event_type","embeddable":true,"href":"https:\/\/www.lasemaineduson.be\/en\/wp-json\/wp\/v2\/event_type?post=3049"},{"taxonomy":"edition","embeddable":true,"href":"https:\/\/www.lasemaineduson.be\/en\/wp-json\/wp\/v2\/edition?post=3049"}],"curies":[{"name":"wp","href":"https:\/\/api.w.org\/{rel}","templated":true}]}}

Activités récurrentes (expos, installations,&#8230;): 30 janvier

<p><strong>Différents horaires ANDERLECHT</strong> <a href="https://www.lasemaineduson.be/event/parcours-sonore-antenna-anderlecht/"><em>Parcours sonore ‘Antenna’</em></a>.<b> </b></p>
<p><span style="font-weight: 400;"><strong>12:00 &gt; 17:30 ARBA</strong> <a href="https://www.lasemaineduson.be/event/installations-city-sonicarba-esa/">Installations</a></span> <span style="font-weight: 400;"><em>City Sonic@ArBa-EsA</em>. </span></p>
<p><span style="font-weight: 400;"><b>10:00 &gt; 16:00</b><strong> MIM</strong> <a href="https://www.lasemaineduson.be/event/ouverture-installation-multiplicity-via-overtoon/">Multiplicity</a> &#8211; <em>Justin Bennett</em>. </span></p>
<p><span style="font-weight: 400;"><strong>10:30 &gt; 18:00  CENTRALE</strong> </span><span style="font-weight: 400;"><a href="https://www.lasemaineduson.be/event/installation-video-planet-b/">Installation video </a> <em>There is no </em><i>Planet B. </i></span></p>
<p><b>11:00 &gt; 18:00 GALERIE DE L&#8217;ERG </b><a href="https://www.lasemaineduson.be/event/vernissage-installation-le-son-de-limage-2/">Installation Le son de l&#8217;Image</a>.</p>
<p><b>12:30 &gt; 20:00 ACADÉMIE D&#8217;ANDERLECHT </b><a href="https://www.lasemaineduson.be/event/vernissage-rainforest/">Installation <em>Rainforest</em></a>.</p>
<p><b>17:00 &gt; 20:00</b> <strong>FLAGEY </strong><a href="https://www.lasemaineduson.be/event/vernissage-living-pages-laureats-du-concours-field-recording/">Installation <em>Living Pages</em></a>.</p>
<p><b>17:00 &gt; 20:00</b> <strong>FLAGEY </strong><a href="https://www.lasemaineduson.be/event/vernissage-living-pages-laureats-du-concours-field-recording/">Installation <em>Lauréats Concours</em>.</a></p>
<p><strong>19:00 &amp; 21:00 STATION DES RÊVEURS </strong><a href="https://www.lasemaineduson.be/event/lost-in-time-episode-i-le-debut-du-voyage-2/"><em>Lost in time</em></a></p>
