{"id":3071,"date":[],"date_gmt":"2020-02-06T08:17:20","guid":{"rendered":"https:\/\/dev.lasemaineduson.be\/event\/contrebasse-seule-carlos-payan\/"},"modified":"2023-11-14T14:27:15","modified_gmt":"2023-11-14T13:27:15","slug":"contrebasse-seule-carlos-payan","status":"publish","type":"event","link":"https:\/\/www.lasemaineduson.be\/en\/event\/contrebasse-seule-carlos-payan\/","title":{"rendered":"Contrebasse seule &#8211; Carlos Pay\u00e1n"},"content":{"rendered":"<p><strong>Le son qui voyage, qui remplie et sculpte l\u2019espace. Musiques anciennes et d\u2019aujourd\u2019hui pour contrebasse seule. Concert de <a href=\"https:\/\/carlospayan.com\" target=\"_blank\" rel=\"noopener\">Carlos Payan<\/a>.<\/strong><\/p>\n<p><span style=\"font-weight: 400;\">A l\u2019heure actuelle, en tant qu\u2019instrument soliste, la contrebasse dite \u00ab classique \u00bb et ses diverses possibilit\u00e9s d\u2019expression sonore sont encore peu connues des diff\u00e9rents milieux artistiques et sociaux. C&#8217;est fort de ce constat et de l&#8217;envie d&#8217;approcher un public plus vaste en tentant de le surprendre et de l&#8217;\u00e9tonner, que ce concert prend forme: Une contrebasse qui traverse le langage de la musique baroque et contemporaine *.<\/span><\/p>\n<p><span style=\"font-weight: 400;\">Le programme est compos\u00e9 d&#8217;adaptations d&#8217;\u0153uvres \u00e9crites \u00e0 l\u2019\u00e9poque baroque, d&#8217;\u0153uvres originales pour contrebasse seule compos\u00e9es dans la deuxi\u00e8me moiti\u00e9 du XX\u00e8me si\u00e8cle ainsi que d&#8217;autres, cr\u00e9\u00e9es plus r\u00e9cemment.\u00a0<\/span><\/p>\n<p><span style=\"font-weight: 400;\">Ce qui relie les morceaux propos\u00e9s pour ce concert, c&#8217;est la mati\u00e8re sonore, \u00e0 travers laquelle l\u2019\u00eatre humain exprime depuis la nuit des temps le paradigme de sa condition. La vie, la mort, l\u2019existence ou l\u2019inexistence de Dieu, l\u2019amour, la douleur, le son, le silence, l\u2019espace, les oppos\u00e9s ; voil\u00e0 le fil artistique de ce voyage sonore.<\/span><\/p>\n<p><span style=\"font-weight: 400;\">Ainsi, l\u2019installation sc\u00e9nique est con\u00e7ue \u00e0 la mani\u00e8re d\u2019une \u00ab veill\u00e9e-rituelle \u00bb : mise en place de lumi\u00e8res tamis\u00e9es par des chandelles et diffusion d&#8217;un parfum de copal (encens naturel). Cette atmosph\u00e8re particuli\u00e8re permettra de transmettre au public une sensation d\u2019\u00e9loignement du quotidien.<\/span><\/p>\n<p><span style=\"font-weight: 400;\">* <\/span><span style=\"font-weight: 400;\">Ici, le terme contemporaine ne d\u00e9signe pas le style de la musique, mais plut\u00f4t la situation temporelle de sa cr\u00e9ation.<\/span><\/p>\n<p><span style=\"font-weight: 400;\">** Technique de jeu avec les doigts de la main droite, et et aussi parfois de la gauche.<\/span><\/p>\n<p><strong>Curieux? Jetez d\u00e9j\u00e0 un coup d\u2019\u0153il <a href=\"https:\/\/www.youtube.com\/channel\/UCcqYi8a9ayxt4w-zDlREIQQ\" target=\"_blank\" rel=\"noopener\">ici<\/a>!\u00a0\u00a0<\/strong><\/p>\n","protected":false},"author":1,"featured_media":1302,"template":"","meta":{"_acf_changed":false,"footnotes":""},"lieu":[1003],"region":[],"event_type":[],"edition":[476],"class_list":["post-3071","event","type-event","status-publish","has-post-thumbnail","hentry","lieu-alba","edition-476"],"acf":[],"_links":{"self":[{"href":"https:\/\/www.lasemaineduson.be\/en\/wp-json\/wp\/v2\/event\/3071","targetHints":{"allow":["GET"]}}],"collection":[{"href":"https:\/\/www.lasemaineduson.be\/en\/wp-json\/wp\/v2\/event"}],"about":[{"href":"https:\/\/www.lasemaineduson.be\/en\/wp-json\/wp\/v2\/types\/event"}],"author":[{"embeddable":true,"href":"https:\/\/www.lasemaineduson.be\/en\/wp-json\/wp\/v2\/users\/1"}],"version-history":[{"count":1,"href":"https:\/\/www.lasemaineduson.be\/en\/wp-json\/wp\/v2\/event\/3071\/revisions"}],"predecessor-version":[{"id":3507,"href":"https:\/\/www.lasemaineduson.be\/en\/wp-json\/wp\/v2\/event\/3071\/revisions\/3507"}],"wp:featuredmedia":[{"embeddable":true,"href":"https:\/\/www.lasemaineduson.be\/en\/wp-json\/wp\/v2\/media\/1302"}],"wp:attachment":[{"href":"https:\/\/www.lasemaineduson.be\/en\/wp-json\/wp\/v2\/media?parent=3071"}],"wp:term":[{"taxonomy":"date","embeddable":true,"href":"https:\/\/www.lasemaineduson.be\/en\/wp-json\/wp\/v2\/date?post=3071"},{"taxonomy":"lieu","embeddable":true,"href":"https:\/\/www.lasemaineduson.be\/en\/wp-json\/wp\/v2\/lieu?post=3071"},{"taxonomy":"region","embeddable":true,"href":"https:\/\/www.lasemaineduson.be\/en\/wp-json\/wp\/v2\/region?post=3071"},{"taxonomy":"event_type","embeddable":true,"href":"https:\/\/www.lasemaineduson.be\/en\/wp-json\/wp\/v2\/event_type?post=3071"},{"taxonomy":"edition","embeddable":true,"href":"https:\/\/www.lasemaineduson.be\/en\/wp-json\/wp\/v2\/edition?post=3071"}],"curies":[{"name":"wp","href":"https:\/\/api.w.org\/{rel}","templated":true}]}}

Contrebasse seule &#8211; Carlos Payán

<p><strong>Le son qui voyage, qui remplie et sculpte l’espace. Musiques anciennes et d’aujourd’hui pour contrebasse seule. Concert de <a href="https://carlospayan.com" target="_blank" rel="noopener">Carlos Payan</a>.</strong></p>
<p><span style="font-weight: 400;">A l’heure actuelle, en tant qu’instrument soliste, la contrebasse dite « classique » et ses diverses possibilités d’expression sonore sont encore peu connues des différents milieux artistiques et sociaux. C&#8217;est fort de ce constat et de l&#8217;envie d&#8217;approcher un public plus vaste en tentant de le surprendre et de l&#8217;étonner, que ce concert prend forme: Une contrebasse qui traverse le langage de la musique baroque et contemporaine *.</span></p>
<p><span style="font-weight: 400;">Le programme est composé d&#8217;adaptations d&#8217;œuvres écrites à l’époque baroque, d&#8217;œuvres originales pour contrebasse seule composées dans la deuxième moitié du XXème siècle ainsi que d&#8217;autres, créées plus récemment. </span></p>
<p><span style="font-weight: 400;">Ce qui relie les morceaux proposés pour ce concert, c&#8217;est la matière sonore, à travers laquelle l’être humain exprime depuis la nuit des temps le paradigme de sa condition. La vie, la mort, l’existence ou l’inexistence de Dieu, l’amour, la douleur, le son, le silence, l’espace, les opposés ; voilà le fil artistique de ce voyage sonore.</span></p>
<p><span style="font-weight: 400;">Ainsi, l’installation scénique est conçue à la manière d’une « veillée-rituelle » : mise en place de lumières tamisées par des chandelles et diffusion d&#8217;un parfum de copal (encens naturel). Cette atmosphère particulière permettra de transmettre au public une sensation d’éloignement du quotidien.</span></p>
<p><span style="font-weight: 400;">* </span><span style="font-weight: 400;">Ici, le terme contemporaine ne désigne pas le style de la musique, mais plutôt la situation temporelle de sa création.</span></p>
<p><span style="font-weight: 400;">** Technique de jeu avec les doigts de la main droite, et et aussi parfois de la gauche.</span></p>
<p><strong>Curieux? Jetez déjà un coup d’œil <a href="https://www.youtube.com/channel/UCcqYi8a9ayxt4w-zDlREIQQ" target="_blank" rel="noopener">ici</a>!  </strong></p>
