{"id":3632,"date":[],"date_gmt":"2022-01-22T12:19:26","guid":{"rendered":"https:\/\/dev.lasemaineduson.be\/event\/modern-tales-brussels-vocal-project\/"},"modified":"2023-11-14T14:27:02","modified_gmt":"2023-11-14T13:27:02","slug":"modern-tales-brussels-vocal-project","status":"publish","type":"event","link":"https:\/\/www.lasemaineduson.be\/en\/event\/modern-tales-brussels-vocal-project\/","title":{"rendered":"MODERN TALES &#8211; Brussels Vocal Project"},"content":{"rendered":"<p><b>Concert avec un sextet surprenant, cinq voix et batterie<\/b><\/p>\n<p>Le Brussels Vocal Project est un collectif de trois chanteurs\u00a0: Elsa Gr\u00e9goire, Fran\u00e7ois Vaiana et Anu Junnonen. Ensemble, ils explorent de multiples univers vocaux et modulent leur \u00e9quipe en fonction des besoins de leur r\u00e9pertoire actuel. Apr\u00e8s leurs r\u00e9centes collaborations avec Pirly Zurstrassen, le Brussels Jazz Orchestra ou encore Fabrizio Cassol, le collectif sort aujourd\u2019hui l\u2019album <i class=\"\">\u2018Modern Tales\u2019\u00a0<\/i>: une collaboration avec le compositeur John Hollenbeck (Meredith Monk, Theo Bleckman, Claudia Quintet).<\/p>\n<div class=\"\">\n<div class=\"\">\n<div class=\"\">\n<div class=\"\">Le Brussels Vocal Project est \u00e0 cette occasion rejoint par les chanteurs Sarah Klenes et Gabriel Hahn, ainsi que par le batteur Th\u00e9o Lanau pour former un sextet \u00e0 la formation inhabituelle\u00a0: cinq voix et une batterie.<\/div>\n<\/div>\n<\/div>\n<\/div>\n<p>Les contes, issus de croyances populaires, se transmettent de g\u00e9n\u00e9ration en g\u00e9n\u00e9ration. <i>Les Trois Petits Cochons, La Petite Sir\u00e8ne<\/i> et <i>Les Habits Neufs De L\u2019Empereur<\/i> sont toutes des histoires qui permettent aux gens, par l\u2019imaginaire, de comprendre le comportement des personnages et de prendre conscience des probl\u00e8mes auxquels ils doivent faire face. De nos jours, ces contes sont toujours d\u2019actualit\u00e9. Notre soci\u00e9t\u00e9 s\u2019interroge, les gens cherchent un sens \u00e0 leur vie. Avec cet album, le Brussels Vocal Project propose une relecture de contes sous un angle diff\u00e9rent. Placer ces histoires dans un contexte moderne invite les auditeurs \u00e0 reconsid\u00e9rer ce qu\u2019ils pensent et \u00e0 se remettre en question.<\/p>\n<p>Les textes figurant sur l\u2019album ont \u00e9t\u00e9 \u00e9crits par Elsa Gr\u00e9goire, Fran\u00e7ois Vaiana et Anu Junnonen. Ces textes sont n\u00e9s d\u2019une r\u00e9flexion sur la nature des contes envisag\u00e9s et de leur signification pour la soci\u00e9t\u00e9 actuelle. <i>\u00ab Si ces contes devaient na\u00eetre aujourd\u2019hui, quels en seraient les acteurs ? Quels en seraient le cadre et le contexte ? Quel en serait le ton ? \u00bb.<\/i><\/p>\n<p>C\u2019est \u00e0 la suite de cette r\u00e9\u00e9criture que le batteur am\u00e9ricain John Hollenbeck a compos\u00e9 la musique du projet \u2018Modern Tales\u2019 en illustrant et en soutenant le caract\u00e8re nouveau des contes s\u00e9lectionn\u00e9s. Il en r\u00e9sulte une suite de huit contes pour cinq voix et une batterie. Cette orchestration unique est au c\u0153ur de la th\u00e9matique du conteur (ou \u00ab <i>storytelling <\/i>\u00bb) &#8211; partie inh\u00e9rente du nouveau projet du Brussels Vocal Project.<\/p>\n<p><em>Anu Junnonen &#8211; Voix et Textes<\/em><\/p>\n<p><em>Fran\u00e7ois Vaiana &#8211; Voix et Textes<\/em><\/p>\n<p><em>Sarah Klenes &#8211; Voix<\/em><\/p>\n<p><em>Gabriel Hahn &#8211; Voix<\/em><\/p>\n<p><em>Emily Allison &#8211; Voix<\/em><\/p>\n<p><em>Th\u00e9o Lanau &#8211; Batterie<\/em><\/p>\n<p><iframe title=\"Brussels Vocal Project - The Prime Minister&#039;s New Art\" width=\"800\" height=\"450\" src=\"https:\/\/www.youtube.com\/embed\/DMGgeB96zQ0?feature=oembed\" frameborder=\"0\" allow=\"accelerometer; autoplay; clipboard-write; encrypted-media; gyroscope; picture-in-picture; web-share\" allowfullscreen><\/iframe><\/p>\n","protected":false},"author":1,"featured_media":1914,"template":"","meta":{"_acf_changed":false,"footnotes":""},"lieu":[1047],"region":[],"event_type":[],"edition":[6],"class_list":["post-3632","event","type-event","status-publish","has-post-thumbnail","hentry","lieu-salle-gothique-de-lhotel-de-ville-de-bruxelles","edition-6"],"acf":[],"_links":{"self":[{"href":"https:\/\/www.lasemaineduson.be\/en\/wp-json\/wp\/v2\/event\/3632","targetHints":{"allow":["GET"]}}],"collection":[{"href":"https:\/\/www.lasemaineduson.be\/en\/wp-json\/wp\/v2\/event"}],"about":[{"href":"https:\/\/www.lasemaineduson.be\/en\/wp-json\/wp\/v2\/types\/event"}],"author":[{"embeddable":true,"href":"https:\/\/www.lasemaineduson.be\/en\/wp-json\/wp\/v2\/users\/1"}],"version-history":[{"count":1,"href":"https:\/\/www.lasemaineduson.be\/en\/wp-json\/wp\/v2\/event\/3632\/revisions"}],"predecessor-version":[{"id":5352,"href":"https:\/\/www.lasemaineduson.be\/en\/wp-json\/wp\/v2\/event\/3632\/revisions\/5352"}],"wp:featuredmedia":[{"embeddable":true,"href":"https:\/\/www.lasemaineduson.be\/en\/wp-json\/wp\/v2\/media\/1914"}],"wp:attachment":[{"href":"https:\/\/www.lasemaineduson.be\/en\/wp-json\/wp\/v2\/media?parent=3632"}],"wp:term":[{"taxonomy":"date","embeddable":true,"href":"https:\/\/www.lasemaineduson.be\/en\/wp-json\/wp\/v2\/date?post=3632"},{"taxonomy":"lieu","embeddable":true,"href":"https:\/\/www.lasemaineduson.be\/en\/wp-json\/wp\/v2\/lieu?post=3632"},{"taxonomy":"region","embeddable":true,"href":"https:\/\/www.lasemaineduson.be\/en\/wp-json\/wp\/v2\/region?post=3632"},{"taxonomy":"event_type","embeddable":true,"href":"https:\/\/www.lasemaineduson.be\/en\/wp-json\/wp\/v2\/event_type?post=3632"},{"taxonomy":"edition","embeddable":true,"href":"https:\/\/www.lasemaineduson.be\/en\/wp-json\/wp\/v2\/edition?post=3632"}],"curies":[{"name":"wp","href":"https:\/\/api.w.org\/{rel}","templated":true}]}}

<p><b>Concert avec un sextet surprenant, cinq voix et batterie</b></p>
<p>Le Brussels Vocal Project est un collectif de trois chanteurs : Elsa Grégoire, François Vaiana et Anu Junnonen. Ensemble, ils explorent de multiples univers vocaux et modulent leur équipe en fonction des besoins de leur répertoire actuel. Après leurs récentes collaborations avec Pirly Zurstrassen, le Brussels Jazz Orchestra ou encore Fabrizio Cassol, le collectif sort aujourd’hui l’album <i class="">‘Modern Tales’ </i>: une collaboration avec le compositeur John Hollenbeck (Meredith Monk, Theo Bleckman, Claudia Quintet).</p>
<div class="">
<div class="">
<div class="">
<div class="">Le Brussels Vocal Project est à cette occasion rejoint par les chanteurs Sarah Klenes et Gabriel Hahn, ainsi que par le batteur Théo Lanau pour former un sextet à la formation inhabituelle : cinq voix et une batterie.</div>
</div>
</div>
</div>
<p>Les contes, issus de croyances populaires, se transmettent de génération en génération. <i>Les Trois Petits Cochons, La Petite Sirène</i> et <i>Les Habits Neufs De L’Empereur</i> sont toutes des histoires qui permettent aux gens, par l’imaginaire, de comprendre le comportement des personnages et de prendre conscience des problèmes auxquels ils doivent faire face. De nos jours, ces contes sont toujours d’actualité. Notre société s’interroge, les gens cherchent un sens à leur vie. Avec cet album, le Brussels Vocal Project propose une relecture de contes sous un angle différent. Placer ces histoires dans un contexte moderne invite les auditeurs à reconsidérer ce qu’ils pensent et à se remettre en question.</p>
<p>Les textes figurant sur l’album ont été écrits par Elsa Grégoire, François Vaiana et Anu Junnonen. Ces textes sont nés d’une réflexion sur la nature des contes envisagés et de leur signification pour la société actuelle. <i>« Si ces contes devaient naître aujourd’hui, quels en seraient les acteurs ? Quels en seraient le cadre et le contexte ? Quel en serait le ton ? ».</i></p>
<p>C’est à la suite de cette réécriture que le batteur américain John Hollenbeck a composé la musique du projet ‘Modern Tales’ en illustrant et en soutenant le caractère nouveau des contes sélectionnés. Il en résulte une suite de huit contes pour cinq voix et une batterie. Cette orchestration unique est au cœur de la thématique du conteur (ou « <i>storytelling </i>») &#8211; partie inhérente du nouveau projet du Brussels Vocal Project.</p>
<p><em>Anu Junnonen &#8211; Voix et Textes</em></p>
<p><em>François Vaiana &#8211; Voix et Textes</em></p>
<p><em>Sarah Klenes &#8211; Voix</em></p>
<p><em>Gabriel Hahn &#8211; Voix</em></p>
<p><em>Emily Allison &#8211; Voix</em></p>
<p><em>Théo Lanau &#8211; Batterie</em></p>
<p><iframe title="Brussels Vocal Project - The Prime Minister&#039;s New Art" width="800" height="450" src="https://www.youtube.com/embed/DMGgeB96zQ0?feature=oembed" frameborder="0" allow="accelerometer; autoplay; clipboard-write; encrypted-media; gyroscope; picture-in-picture; web-share" allowfullscreen></iframe></p>
