{"id":3660,"date":[],"date_gmt":"2022-02-02T17:27:22","guid":{"rendered":"https:\/\/dev.lasemaineduson.be\/event\/concert-electroacoustique-arts%c2%b2-febeme\/"},"modified":"2023-11-14T14:26:59","modified_gmt":"2023-11-14T13:26:59","slug":"concert-electroacoustique-arts%c2%b2-febeme","status":"publish","type":"event","link":"https:\/\/www.lasemaineduson.be\/en\/event\/concert-electroacoustique-arts%c2%b2-febeme\/","title":{"rendered":"Concert \u00e9lectroacoustique ARTS\u00b2 + FeBeME"},"content":{"rendered":"<p><span style=\"font-weight: 400;\">Ce concert permettra de d\u00e9couvrir des travaux et des compositions r\u00e9cemment pr\u00e9sent\u00e9s\u00a0<\/span><span style=\"font-weight: 400;\">en jury par les \u00e9tudiants de la classe de composition acousmatique d\u2019ARTS\u00b2. Ces\u00a0<\/span><span style=\"font-weight: 400;\">musiques seront associ\u00e9es \u00e0 des \u0153uvres du r\u00e9pertoire acousmatique et des pi\u00e8ces\u00a0<\/span><span style=\"font-weight: 400;\">\u00e9lectroacoustiques \u2013 acousmatiques ou en live electronics \u2013 de musiciens professionnels\u00a0<\/span><span style=\"font-weight: 400;\">de la F\u00e9d\u00e9ration Belge de Musique Electroacoustique (FeBeME-BeFEM). Le tout\u00a0<\/span><span style=\"font-weight: 400;\">b\u00e9n\u00e9ficiera d\u2019une mise en espace sur un acousmonium (orchestre de haut-parleurs)\u00a0<\/span><span style=\"font-weight: 400;\">effectu\u00e9e par les compositeurs eux-m\u00eames ou d\u2019autres interpr\u00e8tes.<\/span><\/p>\n<p>&nbsp;<\/p>\n<p>&nbsp;<\/p>\n","protected":false},"author":1,"featured_media":1986,"template":"","meta":{"_acf_changed":false,"footnotes":""},"lieu":[1056],"region":[],"event_type":[],"edition":[6],"class_list":["post-3660","event","type-event","status-publish","has-post-thumbnail","hentry","lieu-chapelle-des-ateliers-des-fucam","edition-6"],"acf":[],"_links":{"self":[{"href":"https:\/\/www.lasemaineduson.be\/en\/wp-json\/wp\/v2\/event\/3660","targetHints":{"allow":["GET"]}}],"collection":[{"href":"https:\/\/www.lasemaineduson.be\/en\/wp-json\/wp\/v2\/event"}],"about":[{"href":"https:\/\/www.lasemaineduson.be\/en\/wp-json\/wp\/v2\/types\/event"}],"author":[{"embeddable":true,"href":"https:\/\/www.lasemaineduson.be\/en\/wp-json\/wp\/v2\/users\/1"}],"version-history":[{"count":1,"href":"https:\/\/www.lasemaineduson.be\/en\/wp-json\/wp\/v2\/event\/3660\/revisions"}],"predecessor-version":[{"id":5314,"href":"https:\/\/www.lasemaineduson.be\/en\/wp-json\/wp\/v2\/event\/3660\/revisions\/5314"}],"wp:featuredmedia":[{"embeddable":true,"href":"https:\/\/www.lasemaineduson.be\/en\/wp-json\/wp\/v2\/media\/1986"}],"wp:attachment":[{"href":"https:\/\/www.lasemaineduson.be\/en\/wp-json\/wp\/v2\/media?parent=3660"}],"wp:term":[{"taxonomy":"date","embeddable":true,"href":"https:\/\/www.lasemaineduson.be\/en\/wp-json\/wp\/v2\/date?post=3660"},{"taxonomy":"lieu","embeddable":true,"href":"https:\/\/www.lasemaineduson.be\/en\/wp-json\/wp\/v2\/lieu?post=3660"},{"taxonomy":"region","embeddable":true,"href":"https:\/\/www.lasemaineduson.be\/en\/wp-json\/wp\/v2\/region?post=3660"},{"taxonomy":"event_type","embeddable":true,"href":"https:\/\/www.lasemaineduson.be\/en\/wp-json\/wp\/v2\/event_type?post=3660"},{"taxonomy":"edition","embeddable":true,"href":"https:\/\/www.lasemaineduson.be\/en\/wp-json\/wp\/v2\/edition?post=3660"}],"curies":[{"name":"wp","href":"https:\/\/api.w.org\/{rel}","templated":true}]}}

Concert électroacoustique ARTS² + FeBeME

<p><span style="font-weight: 400;">Ce concert permettra de découvrir des travaux et des compositions récemment présentés </span><span style="font-weight: 400;">en jury par les étudiants de la classe de composition acousmatique d’ARTS². Ces </span><span style="font-weight: 400;">musiques seront associées à des œuvres du répertoire acousmatique et des pièces </span><span style="font-weight: 400;">électroacoustiques – acousmatiques ou en live electronics – de musiciens professionnels </span><span style="font-weight: 400;">de la Fédération Belge de Musique Electroacoustique (FeBeME-BeFEM). Le tout </span><span style="font-weight: 400;">bénéficiera d’une mise en espace sur un acousmonium (orchestre de haut-parleurs) </span><span style="font-weight: 400;">effectuée par les compositeurs eux-mêmes ou d’autres interprètes.</span></p>
<p>&nbsp;</p>
<p>&nbsp;</p>
