{"id":3689,"date":[],"date_gmt":"2022-12-18T09:03:14","guid":{"rendered":"https:\/\/dev.lasemaineduson.be\/event\/nothings-going-to-happen-to-us-stijn-demeulenaere\/"},"modified":"2023-11-14T14:26:57","modified_gmt":"2023-11-14T13:26:57","slug":"nothings-going-to-happen-to-us-stijn-demeulenaere","status":"publish","type":"event","link":"https:\/\/www.lasemaineduson.be\/en\/event\/nothings-going-to-happen-to-us-stijn-demeulenaere\/","title":{"rendered":"Nothing\u2019s going to happen to us\u2026 &#8211; Stijn Demeulenaere"},"content":{"rendered":"<p><em><strong>Installation vid\u00e9o par <a href=\"https:\/\/stijndemeulenaere.be\/\" target=\"_blank\" rel=\"noopener\">Stijn Demeulenaere<\/a>\u00a0(diffusion chaque 40&#8242;)<\/strong><\/em><\/p>\n<p><i><span style=\"font-weight: 400;\">Nothing\u2019s going to happen to us&#8230; <\/span><\/i><span style=\"font-weight: 400;\">est une installation o\u00f9 la vid\u00e9o et le son entrent en collision. L&#8217;\u0153uvre explore la fa\u00e7on dont nous nous repr\u00e9sentons les conflits arm\u00e9s et la fa\u00e7on dont ils sont li\u00e9s \u00e0 une r\u00e9alit\u00e9 v\u00e9cue. Une infirmi\u00e8re raconte comment le camp o\u00f9 elle travaillait a \u00e9t\u00e9 soudainement bombard\u00e9. Elle parle des sons qu&#8217;elle y a entendus alors qu&#8217;elle \u00e9tait allong\u00e9e sur le ventre, et des \u00e9motions que ces sons ont provoqu\u00e9es. Avec cette histoire, l&#8217;artiste <a href=\"https:\/\/www.lasemaineduson.be\/wp-content\/uploads\/2022\/11\/Biography-Stijn-Demeulenaere.pdf\">Stijn Demeulenaere<\/a> s&#8217;est adress\u00e9 \u00e0 des concepteurs sonores sp\u00e9cialis\u00e9s dans le son des films de guerre et des sc\u00e8nes d&#8217;action. Stijn leur a demand\u00e9 comment ils concevraient le son de cette histoire s&#8217;il s&#8217;agissait d&#8217;une sc\u00e8ne de film.\u00a0<\/span><\/p>\n<p><span style=\"font-weight: 400;\">Stijn module ensuite leurs voix avec le son de bombes et de coups de feu provenant de conflits arm\u00e9s contemporains et de la Premi\u00e8re Guerre mondiale : les trois voix prennent la forme de ces sons de guerre.<\/span><\/p>\n<p><span style=\"font-weight: 400;\">En confrontant ces deux perspectives, <\/span><i><span style=\"font-weight: 400;\">Nothing&#8217;s going to happen to us&#8230; <\/span><\/i><span style=\"font-weight: 400;\">explore le no man&#8217;s land entre notre &#8220;repr\u00e9sentation&#8221; du conflit arm\u00e9 et une m\u00e9moire authentique et v\u00e9cue de celui-ci.\u00a0<\/span><\/p>\n<hr \/>\n<p><iframe title=\"Nothing&#039;s going to happen to us... (stereo mix trailer)\" src=\"https:\/\/player.vimeo.com\/video\/785837109?dnt=1&amp;app_id=122963\" width=\"800\" height=\"450\" frameborder=\"0\" allow=\"autoplay; fullscreen; picture-in-picture\"><\/iframe><\/p>\n<hr \/>\n<p><em><span style=\"font-weight: 400;\">Credits:<\/span><\/em><\/p>\n<p><em><span style=\"font-weight: 400;\">Nothing is going to happen to us&#8230; est une commande de Vrijstaat O pour l&#8217;exposition Private Shelter. L&#8217;exposition a \u00e9t\u00e9 organis\u00e9e dans le cadre de GoneWest, la comm\u00e9moration artistique de la Grande Guerre dans la province de Flandre occidentale..\u00a0 L&#8217;installation a \u00e9t\u00e9 d\u00e9velopp\u00e9e pendant une r\u00e9sidence \u00e0 Overtoon.<\/span><\/em><\/p>\n<p><em><span style=\"font-weight: 400;\">Production: Vrijstaat O<\/span><\/em><\/p>\n<p><em><span style=\"font-weight: 400;\">Co-production: Pianofabriek Arts Lab<\/span><\/em><\/p>\n<p><em><span style=\"font-weight: 400;\">Enregistrements sons: Stijn Demeulenaere et Daniel Demoustier.\u00a0<\/span><\/em><\/p>\n<p><em><span style=\"font-weight: 400;\">Supervision vid\u00e9o, conseil et \u00e9talonnage suppl\u00e9mentaire par Sam Vanoverschelde<\/span><\/em><\/p>\n<p><em><span style=\"font-weight: 400;\">L&#8217;\u00e9talonnage des couleurs par Andrei M\u00e2ndrescu<\/span><\/em><\/p>\n<p><em><span style=\"font-weight: 400;\">Merci \u00e0: <\/span><span style=\"font-weight: 400;\">Sam Vanoverschelde, Jolien Colpaert, Daniel Demoustier, Arnout Colaert, Charles Maynes, Leen Lacroix, Erik Nerinckx, Hendrik Tratsaert, Kerlijn Van der Cruyssen, Mathieu De Meyer, Ruth Timmermans, Vrijstaat O, Visual Kitchen, Overtoon, Pianofabriek Arts Lab, Provinciaal Domein Raversyde et DOVO.<\/span><\/em><\/p>\n","protected":false},"author":1,"featured_media":2097,"template":"","meta":{"_acf_changed":false,"footnotes":""},"lieu":[946],"region":[],"event_type":[],"edition":[5],"class_list":["post-3689","event","type-event","status-publish","has-post-thumbnail","hentry","lieu-halles-saint-gery","edition-5"],"acf":[],"_links":{"self":[{"href":"https:\/\/www.lasemaineduson.be\/en\/wp-json\/wp\/v2\/event\/3689","targetHints":{"allow":["GET"]}}],"collection":[{"href":"https:\/\/www.lasemaineduson.be\/en\/wp-json\/wp\/v2\/event"}],"about":[{"href":"https:\/\/www.lasemaineduson.be\/en\/wp-json\/wp\/v2\/types\/event"}],"author":[{"embeddable":true,"href":"https:\/\/www.lasemaineduson.be\/en\/wp-json\/wp\/v2\/users\/1"}],"version-history":[{"count":1,"href":"https:\/\/www.lasemaineduson.be\/en\/wp-json\/wp\/v2\/event\/3689\/revisions"}],"predecessor-version":[{"id":5288,"href":"https:\/\/www.lasemaineduson.be\/en\/wp-json\/wp\/v2\/event\/3689\/revisions\/5288"}],"wp:featuredmedia":[{"embeddable":true,"href":"https:\/\/www.lasemaineduson.be\/en\/wp-json\/wp\/v2\/media\/2097"}],"wp:attachment":[{"href":"https:\/\/www.lasemaineduson.be\/en\/wp-json\/wp\/v2\/media?parent=3689"}],"wp:term":[{"taxonomy":"date","embeddable":true,"href":"https:\/\/www.lasemaineduson.be\/en\/wp-json\/wp\/v2\/date?post=3689"},{"taxonomy":"lieu","embeddable":true,"href":"https:\/\/www.lasemaineduson.be\/en\/wp-json\/wp\/v2\/lieu?post=3689"},{"taxonomy":"region","embeddable":true,"href":"https:\/\/www.lasemaineduson.be\/en\/wp-json\/wp\/v2\/region?post=3689"},{"taxonomy":"event_type","embeddable":true,"href":"https:\/\/www.lasemaineduson.be\/en\/wp-json\/wp\/v2\/event_type?post=3689"},{"taxonomy":"edition","embeddable":true,"href":"https:\/\/www.lasemaineduson.be\/en\/wp-json\/wp\/v2\/edition?post=3689"}],"curies":[{"name":"wp","href":"https:\/\/api.w.org\/{rel}","templated":true}]}}

<p><em><strong>Installation vidéo par <a href="https://stijndemeulenaere.be/" target="_blank" rel="noopener">Stijn Demeulenaere</a> (diffusion chaque 40&#8242;)</strong></em></p>
<p><i><span style="font-weight: 400;">Nothing’s going to happen to us&#8230; </span></i><span style="font-weight: 400;">est une installation où la vidéo et le son entrent en collision. L&#8217;œuvre explore la façon dont nous nous représentons les conflits armés et la façon dont ils sont liés à une réalité vécue. Une infirmière raconte comment le camp où elle travaillait a été soudainement bombardé. Elle parle des sons qu&#8217;elle y a entendus alors qu&#8217;elle était allongée sur le ventre, et des émotions que ces sons ont provoquées. Avec cette histoire, l&#8217;artiste <a href="https://www.lasemaineduson.be/wp-content/uploads/2022/11/Biography-Stijn-Demeulenaere.pdf">Stijn Demeulenaere</a> s&#8217;est adressé à des concepteurs sonores spécialisés dans le son des films de guerre et des scènes d&#8217;action. Stijn leur a demandé comment ils concevraient le son de cette histoire s&#8217;il s&#8217;agissait d&#8217;une scène de film. </span></p>
<p><span style="font-weight: 400;">Stijn module ensuite leurs voix avec le son de bombes et de coups de feu provenant de conflits armés contemporains et de la Première Guerre mondiale : les trois voix prennent la forme de ces sons de guerre.</span></p>
<p><span style="font-weight: 400;">En confrontant ces deux perspectives, </span><i><span style="font-weight: 400;">Nothing&#8217;s going to happen to us&#8230; </span></i><span style="font-weight: 400;">explore le no man&#8217;s land entre notre &#8220;représentation&#8221; du conflit armé et une mémoire authentique et vécue de celui-ci. </span></p>
<hr />
<p><iframe title="Nothing&#039;s going to happen to us... (stereo mix trailer)" src="https://player.vimeo.com/video/785837109?dnt=1&amp;app_id=122963" width="800" height="450" frameborder="0" allow="autoplay; fullscreen; picture-in-picture"></iframe></p>
<hr />
<p><em><span style="font-weight: 400;">Credits:</span></em></p>
<p><em><span style="font-weight: 400;">Nothing is going to happen to us&#8230; est une commande de Vrijstaat O pour l&#8217;exposition Private Shelter. L&#8217;exposition a été organisée dans le cadre de GoneWest, la commémoration artistique de la Grande Guerre dans la province de Flandre occidentale..  L&#8217;installation a été développée pendant une résidence à Overtoon.</span></em></p>
<p><em><span style="font-weight: 400;">Production: Vrijstaat O</span></em></p>
<p><em><span style="font-weight: 400;">Co-production: Pianofabriek Arts Lab</span></em></p>
<p><em><span style="font-weight: 400;">Enregistrements sons: Stijn Demeulenaere et Daniel Demoustier. </span></em></p>
<p><em><span style="font-weight: 400;">Supervision vidéo, conseil et étalonnage supplémentaire par Sam Vanoverschelde</span></em></p>
<p><em><span style="font-weight: 400;">L&#8217;étalonnage des couleurs par Andrei Mândrescu</span></em></p>
<p><em><span style="font-weight: 400;">Merci à: </span><span style="font-weight: 400;">Sam Vanoverschelde, Jolien Colpaert, Daniel Demoustier, Arnout Colaert, Charles Maynes, Leen Lacroix, Erik Nerinckx, Hendrik Tratsaert, Kerlijn Van der Cruyssen, Mathieu De Meyer, Ruth Timmermans, Vrijstaat O, Visual Kitchen, Overtoon, Pianofabriek Arts Lab, Provinciaal Domein Raversyde et DOVO.</span></em></p>
