{"id":10124,"date":[1556],"date_gmt":"2025-02-06T13:43:06","guid":{"rendered":"https:\/\/www.lasemaineduson.be\/?post_type=event&#038;p=10124"},"modified":"2025-02-12T16:41:23","modified_gmt":"2025-02-12T15:41:23","slug":"la-semaine-du-son-a-lalba","status":"publish","type":"event","link":"https:\/\/www.lasemaineduson.be\/nl\/event\/la-semaine-du-son-a-lalba\/","title":{"rendered":"La Semaine du Son \u00e0 L&#8217;Alba"},"content":{"rendered":"<p>La Semaine Du Son sera \u00e0 <a href=\"https:\/\/alba-charleroi.org\/fr\" target=\"_blank\" rel=\"noopener\">l&#8217;Alba<\/a> ce 8 f\u00e9vrier de 14:00 \u00e0 22:00 ! Au programme: concerts, ateliers, test d\u2019\u00e9coutes, bornes sonore et performances pour petits et grands, dans une ambiance conviviale au sein d\u2019un des plus beaux patrimoines de la ville de Charleroi. Trois \u00e9tages de la maison seront investis par les artistes pour vous offrir une exp\u00e9rience immersive totale.<\/p>\n<p style=\"text-align: center;\">\u00b0\u00b0\u00b0<\/p>\n<ul>\n<li><strong>14:00 &gt; 20:00 &#8211; <a href=\"https:\/\/www.lasemaineduson.be\/event\/borne-decoute-sub-terra-a-lalba\/\">Borne d&#8217;\u00e9coute Sub Terra<\/a><\/strong><\/li>\n<\/ul>\n<p>Laissez-vous transporter par des r\u00e9cits, des ambiances et des explorations sonores qui t\u00e9moignent de la diversit\u00e9 et de la profondeur de l\u2019art radiophonique. Explorez les profondeurs de la Terre \u00e0 travers des cr\u00e9ations sonores et po\u00e9tiques qui fouillent les myst\u00e8res du sous-sol : grottes, racines, fleuves, ou encore les r\u00e9sonances des mondes cach\u00e9s. Une invitation \u00e0 \u00e9couter l\u2019invisible et \u00e0 d\u00e9couvrir ce qui se cache sous nos pieds ou dans notre corps, \u00e0 visibiliser ce qui veut parfois nous \u00eatre cach\u00e9 et \u00e0 \u00e9clairer de nouveaux horizons.<\/p>\n<p><em><strong>A D\u00c9COUVRIR DANS LA BORNE :<\/strong><\/em><\/p>\n<p>Broebelaer (Tibo Renodeyn) \/ Passages Ouverts \u2013 Ruelles Sauvages (Urbanisa\u2019son) \/ Le bruit de fond (Thibault Jehanne) \/ Rouge Crat\u00e8re (Soa Ratsifandrihana Chlo\u00e9 Despax) \/ Obscuur (Lotte Nijsten &amp; Gillis Van der Wee) \/ Une histoire des centres ferm\u00e9s (Ju Schyns) \/ Reprendre pieds (Camille Valen\u00e7on) \/ Existence souterraine (Mathilde Gougeau) \/ Huit m\u00e8tres sous terre (Olivier Meys) \/ Terre Noire (Jeanne Debarsy) \/ Canopy Beat (Els Viaene) \/ Checkpoint 2007 (Fabienne Laumonier &amp; Irvic D\u2019Olivier) \/ Pleuvoir sur les morts (Yasmina Hamlawi) \/ Vous avez eu tous les visages (Sung-Shim Courier) \/ Magma Matters (Clarice Calvo-Pinsolle &amp; L\u00e9a Roger)<\/p>\n<ul>\n<li><strong>14:00 &gt; 20:00 &#8211; Tests de niveau d&#8217;\u00e9coute<\/strong><\/li>\n<\/ul>\n<p>Branchez votre smartphone \u00e0 un sonom\u00e8tre et r\u00e9glez-le au niveau habituel d\u2019\u00e9coute. Cette &#8220;borne\u201d de test audio (sonom\u00e8tre et casques) d\u2019utilisation facile et individuelle permet au public de tester son niveau d\u2019\u00e9coute. Un graphique vous indiquera combien de temps vous pouvez \u00e9couter de la musique \u00e0 ce niveau-l\u00e0 sans endommager vos oreilles. Premi\u00e8re \u00e9tape vers une sensibilisation \u00e0 l\u2019importance de prot\u00e9ger son syst\u00e8me auditif.<\/p>\n<ul>\n<li><strong>14:00 &gt; 20:00 &#8211; Cr\u00e9ation sonore et visuelle par Paulson et Tim Vin<\/strong><\/li>\n<\/ul>\n<p style=\"text-align: center;\">\u00b0\u00b0\u00b0<\/p>\n<ul>\n<li><strong>14:00 &#8211; Ouverture en fanfare au rythmes samba avec Manu Lurquin<\/strong><\/li>\n<\/ul>\n<p>Manu Lurquin et ses \u00e9l\u00e8ves du cours de &#8221; Rythme et Rythmique&#8221; des acad\u00e9mies de Ransart, Gosselies , Marchienne-au-Pont , Courcelles et le Conservatoire de Charleroi, sont heureux de vous faire vibrer et de convoquer les esprits joyeux en introduction \u00e0 cette journ\u00e9e du son \u00e0 l&#8217;Alba. Ce sont les \u00e9l\u00e8ves les plus avanc\u00e9s de ce cours (qui vise \u00e0 incorporer les \u00e9l\u00e9ments constitutifs des rythmes musicaux et des polyrythmies par une pratique en mouvement ) qui jouent dans cet ensemble de percussions tr\u00e8s inspir\u00e9 par le Br\u00e9sil et sa belle \u00e9nergie.<\/p>\n<ul>\n<li><b>14:30, 15:30, 16:30 <\/b>&#8211;<strong> Performance solo et atelier ouvert de Guillaume Vanespen : &#8220;<a href=\"https:\/\/www.lasemaineduson.be\/event\/yunwei-%e9%9f%b5%e5%91%b3\/\">Yunwei<\/a>&#8221; (\u97f5\u5473)<\/strong><\/li>\n<\/ul>\n<p>Yunwei (\u97f5\u5473) est un mot chinois signifiant \u00ab La saveur de la rime \u00bb, concept exprimant la relation simultan\u00e9e entre le son et l\u2019\u00e9motion \u00e9voqu\u00e9e. Inspir\u00e9 des traditions musicales chamaniques et autres de l\u2019Asie, cr\u00e9ant une sorte de folklore imaginaire produit avec des instruments rares, Guillaume Vanespen nous propose un voyage musical vers ces sonorit\u00e9s venues d\u2019ailleurs : petits gongs, grand gong jou\u00e9 aux mailloches ou \u00e0 l\u2019archet, bongo, tuyau, petite fl\u00fbte, gongs au sol, pots d\u2019eau, \u2026 Et cette id\u00e9e de \u00ab moins \u00e9gal plus \u00bb : faire beaucoup avec peu de choses.<\/p>\n<ul>\n<li><strong>15:00, 16:00, 17:00 &#8211; Performances &#8220;En Choeur&#8221; des \u00e9l\u00e8ves de Maria Bojin du Conservatoire Grumiaux<\/strong><\/li>\n<\/ul>\n<p>Les \u00e9l\u00e8ves du conservatoire viennent \u00e0 L&#8217;Alba pour pr\u00e9senter ce qu&#8217;ils font dans les cours de chant !<\/p>\n<ul>\n<li><strong>16h15 &#8211; Performance <a href=\"https:\/\/www.lasemaineduson.be\/event\/xavier-gazon\/\">Xavier Gazon<\/a> (\u00e0 partir de 3ans)<\/strong><\/li>\n<\/ul>\n<p>Xavier Gazon est un artiste sonore sp\u00e9cialis\u00e9 dans la cr\u00e9ation d\u2019instruments \u00e9lectroniques faits maison et le circuit bending. Pionnier du DIY musical en Europe, il transforme des objets du quotidien et des jouets sonores en v\u00e9ritables g\u00e9n\u00e9rateurs de textures uniques, m\u00ealant technologie et cr\u00e9ativit\u00e9.<\/p>\n<p>Ses performances, oscillant entre paysages sonores oniriques et laboratoire d\u2019explorations \u00e9lectroacoustiques, plongent le public dans des univers immersifs et inattendus. En m\u00ealant improvisation et cr\u00e9ation en direct, Xavier Gazon invente des exp\u00e9riences sonores captivantes, o\u00f9 chaque concert devient une invitation \u00e0 red\u00e9couvrir la musique sous une forme singuli\u00e8re.<\/p>\n<ul>\n<li><strong>18:00 &#8211; Concert du Trio <a href=\"https:\/\/www.lasemaineduson.be\/event\/ame-trio-lalba\/\">\u00c2ME<\/a> avec Aur\u00e9lie Charneux (clarinette), \u00c8ve Beuvens (piano) et Marine Horbaczewski (contrebasse)<\/strong><\/li>\n<\/ul>\n<p>Le trio AME propose un concert autour de la vibration et de l\u2019improvisation. Un piano, une contrebasse, des clarinettes, mille fa\u00e7ons d\u2019assembler les sons, d\u2019intervertir les r\u00f4les, de cr\u00e9er des ambiances, des images, de faire de la po\u00e9sie. Quand la clarinette basse dialogue avec la contrebasse, on explore le profond, le magma, les fondations, on s\u2019envole l\u2019instant d\u2019apr\u00e8s vers le p\u00e9piement des pinsons, vers l\u2019\u00e9th\u00e9r\u00e9, le c\u00e9leste. Trois musiciennes, trois parcours, des instruments en divers bois, le roseau , les cordes frott\u00e9es, pinc\u00e9es, percut\u00e9es, le souffle,\u2026 potentiellement tout un orchestre symphonique. Principalement de l\u2019improvisation libre, mais aussi quelques compositions. L\u2019essence de l\u2019\u00e9coute, l\u2019art de l\u2019instant, du ici et maintenant, du jamais plus. Un voyage presqu\u2019immobile.<\/p>\n<ul>\n<li><strong>20:30 &#8211; Concert &#8220;<a href=\"https:\/\/www.lasemaineduson.be\/event\/carbon-molecular\/\">Carbon<\/a>&#8221; avec Franziska Windisch (\u00e9lectroniques) et Daniele Martini (saxophone &amp; effects)<\/strong><\/li>\n<\/ul>\n<p>\u00ab Carbon \u00bb est une composition pour live-electronics, clarinette alto et saxophone autour de la houille. Ce mat\u00e9riau, issu de la carbonisation de v\u00e9g\u00e9taux datant de milliers d\u2019ann\u00e9es, a eu un impact profond sur les soci\u00e9t\u00e9s, les \u00e9conomies et les paysages \u00e0 travers son utilisation comme combustible. La performance d\u00e9bute avec un morceau de houille chauff\u00e9, dont la structure mol\u00e9culaire interne se d\u00e9sagr\u00e8ge peu \u00e0 peu, modifiant sa conductivit\u00e9 \u00e9lectrique.<\/p>\n<p>Ce ph\u00e9nom\u00e8ne devient audible gr\u00e2ce \u00e0 des contacts \u00e9lectriques : sans microphone, mais avec des aiguilles et des plaques m\u00e9talliques, des bruits, clics et impulsions sont extraits du charbon. Windisch traite ce mat\u00e9riau sonore en direct avec le logiciel PureData. Martini r\u00e9agit par des interventions sonores explorant le spectre acoustique de la clarinette alto et du saxophone, en utilisant des techniques avanc\u00e9es et un rack d\u2019effets.<\/p>\n<p>En diffusant les sons par quatre haut-parleurs, le duo cr\u00e9e ainsi une exp\u00e9rience d\u2019\u00e9coute dynamique et immersive.<\/p>\n<p>&nbsp;<\/p>\n<p>&nbsp;<\/p>\n","protected":false},"author":2,"featured_media":9578,"template":"","meta":{"_acf_changed":false,"footnotes":""},"lieu":[1003],"region":[35],"event_type":[1434,1148,1612],"edition":[1156],"class_list":["post-10124","event","type-event","status-publish","has-post-thumbnail","hentry","artiste-ame-trio","artiste-conservatoire-arthur-grumiaux","artiste-guillaume-vanespen","artiste-martini-windisch","artiste-paulson","artiste-tim-vin","artiste-xavier-gazon","date-1556","lieu-alba","region-wallonie","event_type-activite-familiale","event_type-concert","event_type-salon-decoute","edition-1156"],"acf":[],"_links":{"self":[{"href":"https:\/\/www.lasemaineduson.be\/nl\/wp-json\/wp\/v2\/event\/10124","targetHints":{"allow":["GET"]}}],"collection":[{"href":"https:\/\/www.lasemaineduson.be\/nl\/wp-json\/wp\/v2\/event"}],"about":[{"href":"https:\/\/www.lasemaineduson.be\/nl\/wp-json\/wp\/v2\/types\/event"}],"author":[{"embeddable":true,"href":"https:\/\/www.lasemaineduson.be\/nl\/wp-json\/wp\/v2\/users\/2"}],"version-history":[{"count":4,"href":"https:\/\/www.lasemaineduson.be\/nl\/wp-json\/wp\/v2\/event\/10124\/revisions"}],"predecessor-version":[{"id":10141,"href":"https:\/\/www.lasemaineduson.be\/nl\/wp-json\/wp\/v2\/event\/10124\/revisions\/10141"}],"wp:featuredmedia":[{"embeddable":true,"href":"https:\/\/www.lasemaineduson.be\/nl\/wp-json\/wp\/v2\/media\/9578"}],"wp:attachment":[{"href":"https:\/\/www.lasemaineduson.be\/nl\/wp-json\/wp\/v2\/media?parent=10124"}],"wp:term":[{"taxonomy":"date","embeddable":true,"href":"https:\/\/www.lasemaineduson.be\/nl\/wp-json\/wp\/v2\/date?post=10124"},{"taxonomy":"lieu","embeddable":true,"href":"https:\/\/www.lasemaineduson.be\/nl\/wp-json\/wp\/v2\/lieu?post=10124"},{"taxonomy":"region","embeddable":true,"href":"https:\/\/www.lasemaineduson.be\/nl\/wp-json\/wp\/v2\/region?post=10124"},{"taxonomy":"event_type","embeddable":true,"href":"https:\/\/www.lasemaineduson.be\/nl\/wp-json\/wp\/v2\/event_type?post=10124"},{"taxonomy":"edition","embeddable":true,"href":"https:\/\/www.lasemaineduson.be\/nl\/wp-json\/wp\/v2\/edition?post=10124"}],"curies":[{"name":"wp","href":"https:\/\/api.w.org\/{rel}","templated":true}]}}

La Semaine du Son à L&#8217;Alba

<p>La Semaine Du Son sera à <a href="https://alba-charleroi.org/fr" target="_blank" rel="noopener">l&#8217;Alba</a> ce 8 février de 14:00 à 22:00 ! Au programme: concerts, ateliers, test d’écoutes, bornes sonore et performances pour petits et grands, dans une ambiance conviviale au sein d’un des plus beaux patrimoines de la ville de Charleroi. Trois étages de la maison seront investis par les artistes pour vous offrir une expérience immersive totale.</p>
<p style="text-align: center;">°°°</p>
<ul>
<li><strong>14:00 &gt; 20:00 &#8211; <a href="https://www.lasemaineduson.be/event/borne-decoute-sub-terra-a-lalba/">Borne d&#8217;écoute Sub Terra</a></strong></li>
</ul>
<p>Laissez-vous transporter par des récits, des ambiances et des explorations sonores qui témoignent de la diversité et de la profondeur de l’art radiophonique. Explorez les profondeurs de la Terre à travers des créations sonores et poétiques qui fouillent les mystères du sous-sol : grottes, racines, fleuves, ou encore les résonances des mondes cachés. Une invitation à écouter l’invisible et à découvrir ce qui se cache sous nos pieds ou dans notre corps, à visibiliser ce qui veut parfois nous être caché et à éclairer de nouveaux horizons.</p>
<p><em><strong>A DÉCOUVRIR DANS LA BORNE :</strong></em></p>
<p>Broebelaer (Tibo Renodeyn) / Passages Ouverts – Ruelles Sauvages (Urbanisa’son) / Le bruit de fond (Thibault Jehanne) / Rouge Cratère (Soa Ratsifandrihana Chloé Despax) / Obscuur (Lotte Nijsten &amp; Gillis Van der Wee) / Une histoire des centres fermés (Ju Schyns) / Reprendre pieds (Camille Valençon) / Existence souterraine (Mathilde Gougeau) / Huit mètres sous terre (Olivier Meys) / Terre Noire (Jeanne Debarsy) / Canopy Beat (Els Viaene) / Checkpoint 2007 (Fabienne Laumonier &amp; Irvic D’Olivier) / Pleuvoir sur les morts (Yasmina Hamlawi) / Vous avez eu tous les visages (Sung-Shim Courier) / Magma Matters (Clarice Calvo-Pinsolle &amp; Léa Roger)</p>
<ul>
<li><strong>14:00 &gt; 20:00 &#8211; Tests de niveau d&#8217;écoute</strong></li>
</ul>
<p>Branchez votre smartphone à un sonomètre et réglez-le au niveau habituel d’écoute. Cette &#8220;borne” de test audio (sonomètre et casques) d’utilisation facile et individuelle permet au public de tester son niveau d’écoute. Un graphique vous indiquera combien de temps vous pouvez écouter de la musique à ce niveau-là sans endommager vos oreilles. Première étape vers une sensibilisation à l’importance de protéger son système auditif.</p>
<ul>
<li><strong>14:00 &gt; 20:00 &#8211; Création sonore et visuelle par Paulson et Tim Vin</strong></li>
</ul>
<p style="text-align: center;">°°°</p>
<ul>
<li><strong>14:00 &#8211; Ouverture en fanfare au rythmes samba avec Manu Lurquin</strong></li>
</ul>
<p>Manu Lurquin et ses élèves du cours de &#8221; Rythme et Rythmique&#8221; des académies de Ransart, Gosselies , Marchienne-au-Pont , Courcelles et le Conservatoire de Charleroi, sont heureux de vous faire vibrer et de convoquer les esprits joyeux en introduction à cette journée du son à l&#8217;Alba. Ce sont les élèves les plus avancés de ce cours (qui vise à incorporer les éléments constitutifs des rythmes musicaux et des polyrythmies par une pratique en mouvement ) qui jouent dans cet ensemble de percussions très inspiré par le Brésil et sa belle énergie.</p>
<ul>
<li><b>14:30, 15:30, 16:30 </b>&#8211;<strong> Performance solo et atelier ouvert de Guillaume Vanespen : &#8220;<a href="https://www.lasemaineduson.be/event/yunwei-%e9%9f%b5%e5%91%b3/">Yunwei</a>&#8221; (韵味)</strong></li>
</ul>
<p>Yunwei (韵味) est un mot chinois signifiant « La saveur de la rime », concept exprimant la relation simultanée entre le son et l’émotion évoquée. Inspiré des traditions musicales chamaniques et autres de l’Asie, créant une sorte de folklore imaginaire produit avec des instruments rares, Guillaume Vanespen nous propose un voyage musical vers ces sonorités venues d’ailleurs : petits gongs, grand gong joué aux mailloches ou à l’archet, bongo, tuyau, petite flûte, gongs au sol, pots d’eau, … Et cette idée de « moins égal plus » : faire beaucoup avec peu de choses.</p>
<ul>
<li><strong>15:00, 16:00, 17:00 &#8211; Performances &#8220;En Choeur&#8221; des élèves de Maria Bojin du Conservatoire Grumiaux</strong></li>
</ul>
<p>Les élèves du conservatoire viennent à L&#8217;Alba pour présenter ce qu&#8217;ils font dans les cours de chant !</p>
<ul>
<li><strong>16h15 &#8211; Performance <a href="https://www.lasemaineduson.be/event/xavier-gazon/">Xavier Gazon</a> (à partir de 3ans)</strong></li>
</ul>
<p>Xavier Gazon est un artiste sonore spécialisé dans la création d’instruments électroniques faits maison et le circuit bending. Pionnier du DIY musical en Europe, il transforme des objets du quotidien et des jouets sonores en véritables générateurs de textures uniques, mêlant technologie et créativité.</p>
<p>Ses performances, oscillant entre paysages sonores oniriques et laboratoire d’explorations électroacoustiques, plongent le public dans des univers immersifs et inattendus. En mêlant improvisation et création en direct, Xavier Gazon invente des expériences sonores captivantes, où chaque concert devient une invitation à redécouvrir la musique sous une forme singulière.</p>
<ul>
<li><strong>18:00 &#8211; Concert du Trio <a href="https://www.lasemaineduson.be/event/ame-trio-lalba/">ÂME</a> avec Aurélie Charneux (clarinette), Ève Beuvens (piano) et Marine Horbaczewski (contrebasse)</strong></li>
</ul>
<p>Le trio AME propose un concert autour de la vibration et de l’improvisation. Un piano, une contrebasse, des clarinettes, mille façons d’assembler les sons, d’intervertir les rôles, de créer des ambiances, des images, de faire de la poésie. Quand la clarinette basse dialogue avec la contrebasse, on explore le profond, le magma, les fondations, on s’envole l’instant d’après vers le pépiement des pinsons, vers l’éthéré, le céleste. Trois musiciennes, trois parcours, des instruments en divers bois, le roseau , les cordes frottées, pincées, percutées, le souffle,… potentiellement tout un orchestre symphonique. Principalement de l’improvisation libre, mais aussi quelques compositions. L’essence de l’écoute, l’art de l’instant, du ici et maintenant, du jamais plus. Un voyage presqu’immobile.</p>
<ul>
<li><strong>20:30 &#8211; Concert &#8220;<a href="https://www.lasemaineduson.be/event/carbon-molecular/">Carbon</a>&#8221; avec Franziska Windisch (électroniques) et Daniele Martini (saxophone &amp; effects)</strong></li>
</ul>
<p>« Carbon » est une composition pour live-electronics, clarinette alto et saxophone autour de la houille. Ce matériau, issu de la carbonisation de végétaux datant de milliers d’années, a eu un impact profond sur les sociétés, les économies et les paysages à travers son utilisation comme combustible. La performance débute avec un morceau de houille chauffé, dont la structure moléculaire interne se désagrège peu à peu, modifiant sa conductivité électrique.</p>
<p>Ce phénomène devient audible grâce à des contacts électriques : sans microphone, mais avec des aiguilles et des plaques métalliques, des bruits, clics et impulsions sont extraits du charbon. Windisch traite ce matériau sonore en direct avec le logiciel PureData. Martini réagit par des interventions sonores explorant le spectre acoustique de la clarinette alto et du saxophone, en utilisant des techniques avancées et un rack d’effets.</p>
<p>En diffusant les sons par quatre haut-parleurs, le duo crée ainsi une expérience d’écoute dynamique et immersive.</p>
<p>&nbsp;</p>
<p>&nbsp;</p>
