{"id":2958,"date":[],"date_gmt":"2019-01-21T19:25:28","guid":{"rendered":"https:\/\/dev.lasemaineduson.be\/event\/conference-oreille-et-psyche-destins-croises-par-le-dr-pierre-cole\/"},"modified":"2023-11-14T14:27:27","modified_gmt":"2023-11-14T13:27:27","slug":"conference-oreille-et-psyche-destins-croises-par-le-dr-pierre-cole","status":"publish","type":"event","link":"https:\/\/www.lasemaineduson.be\/nl\/event\/conference-oreille-et-psyche-destins-croises-par-le-dr-pierre-cole\/","title":{"rendered":"Conf\u00e9rence OREILLE ET PSYCH\u00c9, DESTINS CROIS\u00c9S par le Dr Pierre Cole"},"content":{"rendered":"<p class=\"p1\">Le <strong>Dr Pierre Cole<\/strong> s&#8217;int\u00e9resse depuis plusieurs ann\u00e9es aux liens existant entre les troubles de l&#8217;audition, que ce soit la surdit\u00e9 ou les acouph\u00e8nes d&#8217;une part, et la sant\u00e9 mentale d&#8217;autre part. Cette conf\u00e9rence sera l&#8217;occasion pour lui d&#8217;expliciter en quoi psychisme et audition sont intimement entrelac\u00e9s.<\/p>\n<p>&nbsp;<\/p>\n<p>&nbsp;<\/p>\n<p><em>Dans ce m\u00eame lieu, \u00e0 partir du 28 janvier, venez d\u00e9couvrir l&#8217;installation sonore Helix &#8211; <strong>Emotions et Histoire(s)\u00a0<\/strong>r\u00e9alis\u00e9e par un groupe de patients.<\/em><\/p>\n<p><em>Vernissage le 28.01 de 16:30 &gt; 18:30<\/em><\/p>\n<p><em><strong>\u00c9galement accessible : 29.01 &#8211; 31.01 &#8211; 01.02 de 16:30 &gt; 18:30 et samedi 02.02 de 14:00 &gt; 16:30<\/strong><\/em><\/p>\n","protected":false},"author":1,"featured_media":1281,"template":"","meta":{"_acf_changed":false,"footnotes":""},"lieu":[971],"region":[],"event_type":[],"edition":[310],"class_list":["post-2958","event","type-event","status-publish","has-post-thumbnail","hentry","lieu-clinique-saint-jean-meridien-helix-7eme-etage","edition-310"],"acf":[],"_links":{"self":[{"href":"https:\/\/www.lasemaineduson.be\/nl\/wp-json\/wp\/v2\/event\/2958","targetHints":{"allow":["GET"]}}],"collection":[{"href":"https:\/\/www.lasemaineduson.be\/nl\/wp-json\/wp\/v2\/event"}],"about":[{"href":"https:\/\/www.lasemaineduson.be\/nl\/wp-json\/wp\/v2\/types\/event"}],"author":[{"embeddable":true,"href":"https:\/\/www.lasemaineduson.be\/nl\/wp-json\/wp\/v2\/users\/1"}],"version-history":[{"count":1,"href":"https:\/\/www.lasemaineduson.be\/nl\/wp-json\/wp\/v2\/event\/2958\/revisions"}],"predecessor-version":[{"id":3383,"href":"https:\/\/www.lasemaineduson.be\/nl\/wp-json\/wp\/v2\/event\/2958\/revisions\/3383"}],"wp:featuredmedia":[{"embeddable":true,"href":"https:\/\/www.lasemaineduson.be\/nl\/wp-json\/wp\/v2\/media\/1281"}],"wp:attachment":[{"href":"https:\/\/www.lasemaineduson.be\/nl\/wp-json\/wp\/v2\/media?parent=2958"}],"wp:term":[{"taxonomy":"date","embeddable":true,"href":"https:\/\/www.lasemaineduson.be\/nl\/wp-json\/wp\/v2\/date?post=2958"},{"taxonomy":"lieu","embeddable":true,"href":"https:\/\/www.lasemaineduson.be\/nl\/wp-json\/wp\/v2\/lieu?post=2958"},{"taxonomy":"region","embeddable":true,"href":"https:\/\/www.lasemaineduson.be\/nl\/wp-json\/wp\/v2\/region?post=2958"},{"taxonomy":"event_type","embeddable":true,"href":"https:\/\/www.lasemaineduson.be\/nl\/wp-json\/wp\/v2\/event_type?post=2958"},{"taxonomy":"edition","embeddable":true,"href":"https:\/\/www.lasemaineduson.be\/nl\/wp-json\/wp\/v2\/edition?post=2958"}],"curies":[{"name":"wp","href":"https:\/\/api.w.org\/{rel}","templated":true}]}}

Conférence OREILLE ET PSYCHÉ, DESTINS CROISÉS par le Dr Pierre Cole

<p class="p1">Le <strong>Dr Pierre Cole</strong> s&#8217;intéresse depuis plusieurs années aux liens existant entre les troubles de l&#8217;audition, que ce soit la surdité ou les acouphènes d&#8217;une part, et la santé mentale d&#8217;autre part. Cette conférence sera l&#8217;occasion pour lui d&#8217;expliciter en quoi psychisme et audition sont intimement entrelacés.</p>
<p>&nbsp;</p>
<p>&nbsp;</p>
<p><em>Dans ce même lieu, à partir du 28 janvier, venez découvrir l&#8217;installation sonore Helix &#8211; <strong>Emotions et Histoire(s) </strong>réalisée par un groupe de patients.</em></p>
<p><em>Vernissage le 28.01 de 16:30 &gt; 18:30</em></p>
<p><em><strong>Également accessible : 29.01 &#8211; 31.01 &#8211; 01.02 de 16:30 &gt; 18:30 et samedi 02.02 de 14:00 &gt; 16:30</strong></em></p>
