{"id":3633,"date":[],"date_gmt":"2022-01-23T10:39:15","guid":{"rendered":"https:\/\/dev.lasemaineduson.be\/event\/a-la-decouverte-de-sa-voix-evelyne-namenwirth\/"},"modified":"2023-11-23T12:39:42","modified_gmt":"2023-11-23T11:39:42","slug":"a-la-decouverte-de-sa-voix-evelyne-namenwirth","status":"publish","type":"event","link":"https:\/\/www.lasemaineduson.be\/nl\/event\/a-la-decouverte-de-sa-voix-evelyne-namenwirth\/","title":{"rendered":"A la d\u00e9couverte de sa voix &#8211; Evelyne Namenwirth"},"content":{"rendered":"<p><b>Atelier d\u2019Evelyne Namenwirth<\/b><\/p>\n<p><span style=\"font-weight: 400;\">Cet atelier est destin\u00e9 \u00e0 d\u00e9couvrir ou \u00e0 approfondir le potentiel de sa voix. M\u00eame si vous ne parlez pas de vous, les sons de l&#8217;histoire de votre vie personnelle surgissent. Joie, tristesse, tensions, les hauts et les bas&#8230;<\/span><\/p>\n<p><span style=\"font-weight: 400;\">Evelyne Namenwirth a enseign\u00e9 \u00e0 la VUB. Ses recherches portent notamment sur la lecture et la th\u00e9\u00e2tralisation, l&#8217;influence des postures corporelles et des habitudes respiratoires sur la performance \u00e0 l\u2019oral. Dipl\u00f4m\u00e9e en Pneumaphonie, elle guide depuis pr\u00e8s de 20 ans des individus et des groupes dans une recherche infinie de leur propre voix.<\/span><\/p>\n<ul>\n<li><span style=\"font-weight: 400;\">max. 7 participants<\/span><\/li>\n<\/ul>\n<p>&nbsp;<\/p>\n<p>&nbsp;<\/p>\n","protected":false},"author":1,"featured_media":1918,"template":"","meta":{"_acf_changed":false,"footnotes":""},"lieu":[1003],"region":[],"event_type":[],"edition":[5],"class_list":["post-3633","event","type-event","status-publish","has-post-thumbnail","hentry","lieu-alba","edition-5"],"acf":[],"_links":{"self":[{"href":"https:\/\/www.lasemaineduson.be\/nl\/wp-json\/wp\/v2\/event\/3633","targetHints":{"allow":["GET"]}}],"collection":[{"href":"https:\/\/www.lasemaineduson.be\/nl\/wp-json\/wp\/v2\/event"}],"about":[{"href":"https:\/\/www.lasemaineduson.be\/nl\/wp-json\/wp\/v2\/types\/event"}],"author":[{"embeddable":true,"href":"https:\/\/www.lasemaineduson.be\/nl\/wp-json\/wp\/v2\/users\/1"}],"version-history":[{"count":1,"href":"https:\/\/www.lasemaineduson.be\/nl\/wp-json\/wp\/v2\/event\/3633\/revisions"}],"predecessor-version":[{"id":5350,"href":"https:\/\/www.lasemaineduson.be\/nl\/wp-json\/wp\/v2\/event\/3633\/revisions\/5350"}],"wp:featuredmedia":[{"embeddable":true,"href":"https:\/\/www.lasemaineduson.be\/nl\/wp-json\/wp\/v2\/media\/1918"}],"wp:attachment":[{"href":"https:\/\/www.lasemaineduson.be\/nl\/wp-json\/wp\/v2\/media?parent=3633"}],"wp:term":[{"taxonomy":"date","embeddable":true,"href":"https:\/\/www.lasemaineduson.be\/nl\/wp-json\/wp\/v2\/date?post=3633"},{"taxonomy":"lieu","embeddable":true,"href":"https:\/\/www.lasemaineduson.be\/nl\/wp-json\/wp\/v2\/lieu?post=3633"},{"taxonomy":"region","embeddable":true,"href":"https:\/\/www.lasemaineduson.be\/nl\/wp-json\/wp\/v2\/region?post=3633"},{"taxonomy":"event_type","embeddable":true,"href":"https:\/\/www.lasemaineduson.be\/nl\/wp-json\/wp\/v2\/event_type?post=3633"},{"taxonomy":"edition","embeddable":true,"href":"https:\/\/www.lasemaineduson.be\/nl\/wp-json\/wp\/v2\/edition?post=3633"}],"curies":[{"name":"wp","href":"https:\/\/api.w.org\/{rel}","templated":true}]}}

A la découverte de sa voix &#8211; Evelyne Namenwirth

<p><b>Atelier d’Evelyne Namenwirth</b></p>
<p><span style="font-weight: 400;">Cet atelier est destiné à découvrir ou à approfondir le potentiel de sa voix. Même si vous ne parlez pas de vous, les sons de l&#8217;histoire de votre vie personnelle surgissent. Joie, tristesse, tensions, les hauts et les bas&#8230;</span></p>
<p><span style="font-weight: 400;">Evelyne Namenwirth a enseigné à la VUB. Ses recherches portent notamment sur la lecture et la théâtralisation, l&#8217;influence des postures corporelles et des habitudes respiratoires sur la performance à l’oral. Diplômée en Pneumaphonie, elle guide depuis près de 20 ans des individus et des groupes dans une recherche infinie de leur propre voix.</span></p>
<ul>
<li><span style="font-weight: 400;">max. 7 participants</span></li>
</ul>
<p>&nbsp;</p>
<p>&nbsp;</p>
