{"id":3702,"date":[],"date_gmt":"2022-12-18T23:10:25","guid":{"rendered":"https:\/\/dev.lasemaineduson.be\/event\/carte-blanche-jean-francois-durdu-invite-bow\/"},"modified":"2023-11-14T14:26:52","modified_gmt":"2023-11-14T13:26:52","slug":"carte-blanche-jean-francois-durdu-invite-bow","status":"publish","type":"event","link":"https:\/\/www.lasemaineduson.be\/nl\/event\/carte-blanche-jean-francois-durdu-invite-bow\/","title":{"rendered":"Carte blanche\u00a0: Jean-Fran\u00e7ois Durdu invite BOW\u00a0"},"content":{"rendered":"<p><span style=\"font-weight: 400;\">Altiste, violoniste mais aussi com\u00e9dien, Jean-Fran\u00e7ois Durdu a t\u00e2t\u00e9 de tout. Il nous propose un voyage sonore entre cordes et voix avec son ensemble <a href=\"https:\/\/www.bowquintet.com\/\" target=\"_blank\" rel=\"noopener\">BOW<\/a>.<\/span><\/p>\n<p><span style=\"font-weight: 400;\">Quintette \u00e0 cordes hors norme, BOW brasse ses larges influences et se forge une identit\u00e9 sonore puissante. Compositeur et arrangeur, il se nourrit de <\/span><span style=\"font-weight: 400;\">ses\u00a0<\/span><span style=\"font-weight: 400;\">rencontres et alimente son essence musicale gr\u00e2ce \u00e0 l\u2019\u00e9criture et l\u2019improvisation. Raret\u00e9 pour un ensemble de cordes\u00a0!<\/span><\/p>\n<p><span style=\"font-weight: 400;\">Cr\u00e9\u00e9 \u00e0 l&#8217;issue de performances artistiques pluridisciplinaires, BOW multiplie les collaborations dans des domaines aussi vari\u00e9s que la musique, le cin\u00e9ma, le th\u00e9\u00e2tre, le VJ-ing ou le conte. \u00a0<\/span><\/p>\n<p><span style=\"font-weight: 400;\">Il re\u00e7oit le Beffroi de cristal pour le spectacle &#8220;smoke on\u00a0<\/span><span style=\"font-weight: 400;\">the water&#8221; et est \u00e9lu meilleure cr\u00e9ation artistique et technique dans le cadre du spectacle &#8220;les villes tentaculaires\u00a0\u00bb, production du th\u00e9\u00e2tre de l&#8217;ancre (Charleroi).\u00a0<\/span><\/p>\n<p><span style=\"font-weight: 400;\">En 2020, ils sortent le titre &#8220;Bryanbaum variation&#8221; sur la compilation &#8220;string layers&#8221; du label allemand 7K, pi\u00e8ce enregistr\u00e9e \u00e0 Paris avec l&#8217;artiste Aidan Baker.\u00a0<\/span><\/p>\n<p><span style=\"font-weight: 400;\">En septembre de cette m\u00eame ann\u00e9e, le quintette sort son tout premier LP \u00e9ponyme pour le label Belge Sub Rosa. \u00a0<\/span><\/p>\n<p>&nbsp;<\/p>\n<p><em><span style=\"font-weight: 400;\">Margaret Hermant \u2013 Violon<\/span><span style=\"font-weight: 400;\"><br \/>\n<\/span><span style=\"font-weight: 400;\">Benoit Leseure \u2013 Violon<\/span><span style=\"font-weight: 400;\"><br \/>\n<\/span><span style=\"font-weight: 400;\">Jean-Fran\u00e7ois Durdu \u2013 Alto<\/span><span style=\"font-weight: 400;\"><br \/>\n<\/span><span style=\"font-weight: 400;\">Marine Horbazweski \u2013 violoncelle<\/span><span style=\"font-weight: 400;\"><br \/>\n<\/span><span style=\"font-weight: 400;\">Cyrille de Haes \u2013 contrebasse<\/span><\/em><\/p>\n<p>&nbsp;<\/p>\n<p><br style=\"font-weight: 400;\" \/><br style=\"font-weight: 400;\" \/><\/p>\n","protected":false},"author":1,"featured_media":2143,"template":"","meta":{"_acf_changed":false,"footnotes":""},"lieu":[1072],"region":[],"event_type":[],"edition":[5],"class_list":["post-3702","event","type-event","status-publish","has-post-thumbnail","hentry","lieu-le-delta-salle-tambour","edition-5"],"acf":[],"_links":{"self":[{"href":"https:\/\/www.lasemaineduson.be\/nl\/wp-json\/wp\/v2\/event\/3702","targetHints":{"allow":["GET"]}}],"collection":[{"href":"https:\/\/www.lasemaineduson.be\/nl\/wp-json\/wp\/v2\/event"}],"about":[{"href":"https:\/\/www.lasemaineduson.be\/nl\/wp-json\/wp\/v2\/types\/event"}],"author":[{"embeddable":true,"href":"https:\/\/www.lasemaineduson.be\/nl\/wp-json\/wp\/v2\/users\/1"}],"version-history":[{"count":1,"href":"https:\/\/www.lasemaineduson.be\/nl\/wp-json\/wp\/v2\/event\/3702\/revisions"}],"predecessor-version":[{"id":5230,"href":"https:\/\/www.lasemaineduson.be\/nl\/wp-json\/wp\/v2\/event\/3702\/revisions\/5230"}],"wp:featuredmedia":[{"embeddable":true,"href":"https:\/\/www.lasemaineduson.be\/nl\/wp-json\/wp\/v2\/media\/2143"}],"wp:attachment":[{"href":"https:\/\/www.lasemaineduson.be\/nl\/wp-json\/wp\/v2\/media?parent=3702"}],"wp:term":[{"taxonomy":"date","embeddable":true,"href":"https:\/\/www.lasemaineduson.be\/nl\/wp-json\/wp\/v2\/date?post=3702"},{"taxonomy":"lieu","embeddable":true,"href":"https:\/\/www.lasemaineduson.be\/nl\/wp-json\/wp\/v2\/lieu?post=3702"},{"taxonomy":"region","embeddable":true,"href":"https:\/\/www.lasemaineduson.be\/nl\/wp-json\/wp\/v2\/region?post=3702"},{"taxonomy":"event_type","embeddable":true,"href":"https:\/\/www.lasemaineduson.be\/nl\/wp-json\/wp\/v2\/event_type?post=3702"},{"taxonomy":"edition","embeddable":true,"href":"https:\/\/www.lasemaineduson.be\/nl\/wp-json\/wp\/v2\/edition?post=3702"}],"curies":[{"name":"wp","href":"https:\/\/api.w.org\/{rel}","templated":true}]}}

Carte blanche : Jean-François Durdu invite BOW

<p><span style="font-weight: 400;">Altiste, violoniste mais aussi comédien, Jean-François Durdu a tâté de tout. Il nous propose un voyage sonore entre cordes et voix avec son ensemble <a href="https://www.bowquintet.com/" target="_blank" rel="noopener">BOW</a>.</span></p>
<p><span style="font-weight: 400;">Quintette à cordes hors norme, BOW brasse ses larges influences et se forge une identité sonore puissante. Compositeur et arrangeur, il se nourrit de </span><span style="font-weight: 400;">ses </span><span style="font-weight: 400;">rencontres et alimente son essence musicale grâce à l’écriture et l’improvisation. Rareté pour un ensemble de cordes !</span></p>
<p><span style="font-weight: 400;">Créé à l&#8217;issue de performances artistiques pluridisciplinaires, BOW multiplie les collaborations dans des domaines aussi variés que la musique, le cinéma, le théâtre, le VJ-ing ou le conte.  </span></p>
<p><span style="font-weight: 400;">Il reçoit le Beffroi de cristal pour le spectacle &#8220;smoke on </span><span style="font-weight: 400;">the water&#8221; et est élu meilleure création artistique et technique dans le cadre du spectacle &#8220;les villes tentaculaires », production du théâtre de l&#8217;ancre (Charleroi). </span></p>
<p><span style="font-weight: 400;">En 2020, ils sortent le titre &#8220;Bryanbaum variation&#8221; sur la compilation &#8220;string layers&#8221; du label allemand 7K, pièce enregistrée à Paris avec l&#8217;artiste Aidan Baker. </span></p>
<p><span style="font-weight: 400;">En septembre de cette même année, le quintette sort son tout premier LP éponyme pour le label Belge Sub Rosa.  </span></p>
<p>&nbsp;</p>
<p><em><span style="font-weight: 400;">Margaret Hermant – Violon</span><span style="font-weight: 400;"><br />
</span><span style="font-weight: 400;">Benoit Leseure – Violon</span><span style="font-weight: 400;"><br />
</span><span style="font-weight: 400;">Jean-François Durdu – Alto</span><span style="font-weight: 400;"><br />
</span><span style="font-weight: 400;">Marine Horbazweski – violoncelle</span><span style="font-weight: 400;"><br />
</span><span style="font-weight: 400;">Cyrille de Haes – contrebasse</span></em></p>
<p>&nbsp;</p>
<p><br style="font-weight: 400;" /><br style="font-weight: 400;" /></p>
