{"id":4009,"date":[],"date_gmt":"2019-01-06T09:38:16","guid":{"rendered":"https:\/\/dev.lasemaineduson.be\/event\/concert-les-voies-de-la-voix-acousmatique\/"},"modified":"2023-11-14T14:27:34","modified_gmt":"2023-11-14T13:27:34","slug":"concert-les-voies-de-la-voix-acousmatique","status":"publish","type":"event","link":"https:\/\/www.lasemaineduson.be\/nl\/event\/concert-les-voies-de-la-voix-acousmatique\/","title":{"rendered":"CONCERT &#8211; LES VOIES DE LA VOIX ACOUSMATIQUE"},"content":{"rendered":"<p><strong>Concert Influx \u2018Musiques &amp; Recherches\u2019 LES VOIES DE LA VOIX ACOUSMATIQUE <\/strong><\/p>\n<p><strong>20:00 &gt; 22:00 \/ ESPACE SENGHOR <\/strong><\/p>\n<p>\u201cDe manier waarop hedendaagse muzikanten de stem gebruiken, verkent werelden die tot nog toe onbekend waren. De priv\u00e9stem van betekenis. De priv\u00e9stem van de tekst. De zuivere stem, de rauwe stem, de haast primitieve stem. De stem bevrijdt zich eindelijk van woorden, om zich vervolgens op een nieuwe manier in de muzikale stroom te integreren: woord-muziek.\u201d Annette Vande Gorne<\/p>\n<p>Annette Vande Gorne, componiste, pedagoge en oprichtster van Musiques &amp; Recherches geeft uitleg bij een concert rond de verschillende gebruiken van de stem in akoesmatische muziek. Zij baseert zich o.a. op extracten van Yawar Fiesta (akoesmatische opera) naar een libretto van Werner Lambersy, D\u00e9luges et autres P\u00e9rip\u00e9ties (Werner Lambersy), Exil (SaintJohn Perse), Vox Alia, Noces noires (Werner Lambersy), Architecture Nuit (Werner Lambersy), Le Ginkgo (Werner Lambersy), Fragment de lettre \u00e0 un habitant du Centre (Kamal Ben Hameda), Bruxelles Bivoque (radiocreatie met de stemmen van Thierry G\u00e9nicot en Dimitri Coppe). Werken gecomponeerd rond tekst en stem.<\/p>\n<p>Coproductie : Musiques &amp; Recherches en Senghor<\/p>\n","protected":false},"author":1,"featured_media":4010,"template":"","meta":{"_acf_changed":false,"footnotes":""},"lieu":[1223],"region":[],"event_type":[],"edition":[1361],"class_list":["post-4009","event","type-event","status-publish","has-post-thumbnail","hentry","lieu-espace-senghor-nl","edition-2019-nl"],"acf":[],"_links":{"self":[{"href":"https:\/\/www.lasemaineduson.be\/nl\/wp-json\/wp\/v2\/event\/4009","targetHints":{"allow":["GET"]}}],"collection":[{"href":"https:\/\/www.lasemaineduson.be\/nl\/wp-json\/wp\/v2\/event"}],"about":[{"href":"https:\/\/www.lasemaineduson.be\/nl\/wp-json\/wp\/v2\/types\/event"}],"author":[{"embeddable":true,"href":"https:\/\/www.lasemaineduson.be\/nl\/wp-json\/wp\/v2\/users\/1"}],"version-history":[{"count":1,"href":"https:\/\/www.lasemaineduson.be\/nl\/wp-json\/wp\/v2\/event\/4009\/revisions"}],"predecessor-version":[{"id":5664,"href":"https:\/\/www.lasemaineduson.be\/nl\/wp-json\/wp\/v2\/event\/4009\/revisions\/5664"}],"wp:featuredmedia":[{"embeddable":true,"href":"https:\/\/www.lasemaineduson.be\/nl\/wp-json\/wp\/v2\/media\/4010"}],"wp:attachment":[{"href":"https:\/\/www.lasemaineduson.be\/nl\/wp-json\/wp\/v2\/media?parent=4009"}],"wp:term":[{"taxonomy":"date","embeddable":true,"href":"https:\/\/www.lasemaineduson.be\/nl\/wp-json\/wp\/v2\/date?post=4009"},{"taxonomy":"lieu","embeddable":true,"href":"https:\/\/www.lasemaineduson.be\/nl\/wp-json\/wp\/v2\/lieu?post=4009"},{"taxonomy":"region","embeddable":true,"href":"https:\/\/www.lasemaineduson.be\/nl\/wp-json\/wp\/v2\/region?post=4009"},{"taxonomy":"event_type","embeddable":true,"href":"https:\/\/www.lasemaineduson.be\/nl\/wp-json\/wp\/v2\/event_type?post=4009"},{"taxonomy":"edition","embeddable":true,"href":"https:\/\/www.lasemaineduson.be\/nl\/wp-json\/wp\/v2\/edition?post=4009"}],"curies":[{"name":"wp","href":"https:\/\/api.w.org\/{rel}","templated":true}]}}

<p><strong>Concert Influx ‘Musiques &amp; Recherches’ LES VOIES DE LA VOIX ACOUSMATIQUE </strong></p>
<p><strong>20:00 &gt; 22:00 / ESPACE SENGHOR </strong></p>
<p>“De manier waarop hedendaagse muzikanten de stem gebruiken, verkent werelden die tot nog toe onbekend waren. De privéstem van betekenis. De privéstem van de tekst. De zuivere stem, de rauwe stem, de haast primitieve stem. De stem bevrijdt zich eindelijk van woorden, om zich vervolgens op een nieuwe manier in de muzikale stroom te integreren: woord-muziek.” Annette Vande Gorne</p>
<p>Annette Vande Gorne, componiste, pedagoge en oprichtster van Musiques &amp; Recherches geeft uitleg bij een concert rond de verschillende gebruiken van de stem in akoesmatische muziek. Zij baseert zich o.a. op extracten van Yawar Fiesta (akoesmatische opera) naar een libretto van Werner Lambersy, Déluges et autres Péripéties (Werner Lambersy), Exil (SaintJohn Perse), Vox Alia, Noces noires (Werner Lambersy), Architecture Nuit (Werner Lambersy), Le Ginkgo (Werner Lambersy), Fragment de lettre à un habitant du Centre (Kamal Ben Hameda), Bruxelles Bivoque (radiocreatie met de stemmen van Thierry Génicot en Dimitri Coppe). Werken gecomponeerd rond tekst en stem.</p>
<p>Coproductie : Musiques &amp; Recherches en Senghor</p>
