{"id":4067,"date":[],"date_gmt":"2019-01-05T19:58:33","guid":{"rendered":"https:\/\/dev.lasemaineduson.be\/event\/belgodrama-acsr-fr\/"},"modified":"2023-11-14T14:27:37","modified_gmt":"2023-11-14T13:27:37","slug":"belgodrama-acsr-fr","status":"publish","type":"event","link":"https:\/\/www.lasemaineduson.be\/nl\/event\/belgodrama-acsr-fr\/","title":{"rendered":"BELGO(D)RAMA &#8211; ACSR (FR)"},"content":{"rendered":"<p>BELGO(D)RAMA &#8211; ACSR (FR)<\/p>\n<p>17:00 &gt; 18:00 \/ C.C. JACQUES FRANCK<\/p>\n<p>Publieke beluistering van Versie 133 van Sebastian Dicenaire, gevolgd door een debat met regisseur Wederik De Backer en gemodereerd door RTBF-columnist Romain Detroy.<\/p>\n<p>En als er andere werelden mogelijk waren geweest? En als de oude Griekse stadstaten (Athene, Argos, Thebe, &#8230;) continenten hadden gekoloniseerd en heuse moderne beschavingen waren geworden? En als superhelden echt hadden bestaan? En als een &#8220;journalist-priester&#8221; met vreemde krachten door zijn God in deze wereld werd gezonden om een onderzoek uit te voeren?<\/p>\n<p>Een uchronia, die een vrije interpretatie biedt van de tragedie van Euripides, De Heraclides, maar bovenal een bijtende politieke en sociale satire is van onze tijd.<\/p>\n<p>Een coproductie van Welcome to Earth. Met de steun van het FACR van de F\u00e9d\u00e9ration Wallonie-Bruxelles, Gulliver en acsr. Een discussie over radiofictie in Belgi\u00eb geanimeerd door Romain Detroy, cultureel columnist in het programma Entrez sans frapper op la Premi\u00e8re (RTBF). Met regisseurs Wederik De Backer &#8211; een Nederlandstalige auteur die de Europa 2017 fictieprijs voor Almanak won &#8211; en Sebastian Dicenaire &#8211; een Franstalige auteur wiens radiofictie regelmatig op festivals te zien is, zoals zijn serie Pamela (Phonurgia Nova Radio Fictieprijs 2016). Onlangs schreef hij de DreamStation-serie voor de native podcast van France Culture, die in het najaar van 2018 werd uitgezonden.<\/p>\n","protected":false},"author":1,"featured_media":4068,"template":"","meta":{"_acf_changed":false,"footnotes":""},"lieu":[1215],"region":[],"event_type":[],"edition":[1361],"class_list":["post-4067","event","type-event","status-publish","has-post-thumbnail","hentry","lieu-centre-culturel-jacques-franck-nl","edition-2019-nl"],"acf":[],"_links":{"self":[{"href":"https:\/\/www.lasemaineduson.be\/nl\/wp-json\/wp\/v2\/event\/4067","targetHints":{"allow":["GET"]}}],"collection":[{"href":"https:\/\/www.lasemaineduson.be\/nl\/wp-json\/wp\/v2\/event"}],"about":[{"href":"https:\/\/www.lasemaineduson.be\/nl\/wp-json\/wp\/v2\/types\/event"}],"author":[{"embeddable":true,"href":"https:\/\/www.lasemaineduson.be\/nl\/wp-json\/wp\/v2\/users\/1"}],"version-history":[{"count":1,"href":"https:\/\/www.lasemaineduson.be\/nl\/wp-json\/wp\/v2\/event\/4067\/revisions"}],"predecessor-version":[{"id":5684,"href":"https:\/\/www.lasemaineduson.be\/nl\/wp-json\/wp\/v2\/event\/4067\/revisions\/5684"}],"wp:featuredmedia":[{"embeddable":true,"href":"https:\/\/www.lasemaineduson.be\/nl\/wp-json\/wp\/v2\/media\/4068"}],"wp:attachment":[{"href":"https:\/\/www.lasemaineduson.be\/nl\/wp-json\/wp\/v2\/media?parent=4067"}],"wp:term":[{"taxonomy":"date","embeddable":true,"href":"https:\/\/www.lasemaineduson.be\/nl\/wp-json\/wp\/v2\/date?post=4067"},{"taxonomy":"lieu","embeddable":true,"href":"https:\/\/www.lasemaineduson.be\/nl\/wp-json\/wp\/v2\/lieu?post=4067"},{"taxonomy":"region","embeddable":true,"href":"https:\/\/www.lasemaineduson.be\/nl\/wp-json\/wp\/v2\/region?post=4067"},{"taxonomy":"event_type","embeddable":true,"href":"https:\/\/www.lasemaineduson.be\/nl\/wp-json\/wp\/v2\/event_type?post=4067"},{"taxonomy":"edition","embeddable":true,"href":"https:\/\/www.lasemaineduson.be\/nl\/wp-json\/wp\/v2\/edition?post=4067"}],"curies":[{"name":"wp","href":"https:\/\/api.w.org\/{rel}","templated":true}]}}

<p>BELGO(D)RAMA &#8211; ACSR (FR)</p>
<p>17:00 &gt; 18:00 / C.C. JACQUES FRANCK</p>
<p>Publieke beluistering van Versie 133 van Sebastian Dicenaire, gevolgd door een debat met regisseur Wederik De Backer en gemodereerd door RTBF-columnist Romain Detroy.</p>
<p>En als er andere werelden mogelijk waren geweest? En als de oude Griekse stadstaten (Athene, Argos, Thebe, &#8230;) continenten hadden gekoloniseerd en heuse moderne beschavingen waren geworden? En als superhelden echt hadden bestaan? En als een &#8220;journalist-priester&#8221; met vreemde krachten door zijn God in deze wereld werd gezonden om een onderzoek uit te voeren?</p>
<p>Een uchronia, die een vrije interpretatie biedt van de tragedie van Euripides, De Heraclides, maar bovenal een bijtende politieke en sociale satire is van onze tijd.</p>
<p>Een coproductie van Welcome to Earth. Met de steun van het FACR van de Fédération Wallonie-Bruxelles, Gulliver en acsr. Een discussie over radiofictie in België geanimeerd door Romain Detroy, cultureel columnist in het programma Entrez sans frapper op la Première (RTBF). Met regisseurs Wederik De Backer &#8211; een Nederlandstalige auteur die de Europa 2017 fictieprijs voor Almanak won &#8211; en Sebastian Dicenaire &#8211; een Franstalige auteur wiens radiofictie regelmatig op festivals te zien is, zoals zijn serie Pamela (Phonurgia Nova Radio Fictieprijs 2016). Onlangs schreef hij de DreamStation-serie voor de native podcast van France Culture, die in het najaar van 2018 werd uitgezonden.</p>
