{"id":4320,"date":[],"date_gmt":"2020-01-09T13:25:55","guid":{"rendered":"https:\/\/dev.lasemaineduson.be\/event\/workshop-podcast-creeren-fr\/"},"modified":"2023-11-14T14:27:16","modified_gmt":"2023-11-14T13:27:16","slug":"workshop-podcast-creeren-fr","status":"publish","type":"event","link":"https:\/\/www.lasemaineduson.be\/nl\/event\/workshop-podcast-creeren-fr\/","title":{"rendered":"Workshop: podcast cre\u00ebren (FR)"},"content":{"rendered":"<p><strong>Un atelier pour les curieux du son, qui pratiquent une \u00e9coute de podcasts ou de radio de cr\u00e9ation, qui veulent d\u00e9couvrir les ficelles et les possibles de l\u2019\u00e9criture sonore.<\/strong><\/p>\n<p><span style=\"font-weight: 400;\"> Pour faire un podcast, c\u2019est tr\u00e8s simple : il suffit d\u2019un micro, d\u2019un ordinateur et le tour est jou\u00e9. C\u2019est tout? Peut-\u00eatre pas\u2026 Encore faut-il savoir ce que l\u2019on veut raconter, et comment le pr\u00e9senter. Qui doit parler? Dans quel environnement? Comment poser sa voix? Faut-il de la musiques? Des sons d\u2019ambiance? Des bruitages? Et comment tout cela dialogue, s\u2019entrem\u00eale,\u2026 ? On essayera de r\u00e9pondre \u00e0 ces questions par la pratique, en r\u00e9alisant de courtes cr\u00e9ations, pour s\u2019ouvrir les oreilles et d\u00e9couvrir ce merveilleux espace de cr\u00e9ation.<\/span><\/p>\n<p>&nbsp;<\/p>\n","protected":false},"author":1,"featured_media":4317,"template":"","meta":{"_acf_changed":false,"footnotes":""},"lieu":[1253],"region":[],"event_type":[],"edition":[1362],"class_list":["post-4320","event","type-event","status-publish","has-post-thumbnail","hentry","lieu-c-c-de-namur-abattoirs-de-bomel-nl","edition-2020-nl"],"acf":[],"_links":{"self":[{"href":"https:\/\/www.lasemaineduson.be\/nl\/wp-json\/wp\/v2\/event\/4320","targetHints":{"allow":["GET"]}}],"collection":[{"href":"https:\/\/www.lasemaineduson.be\/nl\/wp-json\/wp\/v2\/event"}],"about":[{"href":"https:\/\/www.lasemaineduson.be\/nl\/wp-json\/wp\/v2\/types\/event"}],"author":[{"embeddable":true,"href":"https:\/\/www.lasemaineduson.be\/nl\/wp-json\/wp\/v2\/users\/1"}],"version-history":[{"count":1,"href":"https:\/\/www.lasemaineduson.be\/nl\/wp-json\/wp\/v2\/event\/4320\/revisions"}],"predecessor-version":[{"id":5541,"href":"https:\/\/www.lasemaineduson.be\/nl\/wp-json\/wp\/v2\/event\/4320\/revisions\/5541"}],"wp:featuredmedia":[{"embeddable":true,"href":"https:\/\/www.lasemaineduson.be\/nl\/wp-json\/wp\/v2\/media\/4317"}],"wp:attachment":[{"href":"https:\/\/www.lasemaineduson.be\/nl\/wp-json\/wp\/v2\/media?parent=4320"}],"wp:term":[{"taxonomy":"date","embeddable":true,"href":"https:\/\/www.lasemaineduson.be\/nl\/wp-json\/wp\/v2\/date?post=4320"},{"taxonomy":"lieu","embeddable":true,"href":"https:\/\/www.lasemaineduson.be\/nl\/wp-json\/wp\/v2\/lieu?post=4320"},{"taxonomy":"region","embeddable":true,"href":"https:\/\/www.lasemaineduson.be\/nl\/wp-json\/wp\/v2\/region?post=4320"},{"taxonomy":"event_type","embeddable":true,"href":"https:\/\/www.lasemaineduson.be\/nl\/wp-json\/wp\/v2\/event_type?post=4320"},{"taxonomy":"edition","embeddable":true,"href":"https:\/\/www.lasemaineduson.be\/nl\/wp-json\/wp\/v2\/edition?post=4320"}],"curies":[{"name":"wp","href":"https:\/\/api.w.org\/{rel}","templated":true}]}}

Workshop: podcast creëren (FR)

<p><strong>Un atelier pour les curieux du son, qui pratiquent une écoute de podcasts ou de radio de création, qui veulent découvrir les ficelles et les possibles de l’écriture sonore.</strong></p>
<p><span style="font-weight: 400;"> Pour faire un podcast, c’est très simple : il suffit d’un micro, d’un ordinateur et le tour est joué. C’est tout? Peut-être pas… Encore faut-il savoir ce que l’on veut raconter, et comment le présenter. Qui doit parler? Dans quel environnement? Comment poser sa voix? Faut-il de la musiques? Des sons d’ambiance? Des bruitages? Et comment tout cela dialogue, s’entremêle,… ? On essayera de répondre à ces questions par la pratique, en réalisant de courtes créations, pour s’ouvrir les oreilles et découvrir ce merveilleux espace de création.</span></p>
<p>&nbsp;</p>
