{"id":4321,"date":[],"date_gmt":"2020-01-09T13:29:55","guid":{"rendered":"https:\/\/dev.lasemaineduson.be\/event\/concert-lezing-le-cerveau-musicien-fr\/"},"modified":"2023-11-14T14:27:16","modified_gmt":"2023-11-14T13:27:16","slug":"concert-lezing-le-cerveau-musicien-fr","status":"publish","type":"event","link":"https:\/\/www.lasemaineduson.be\/nl\/event\/concert-lezing-le-cerveau-musicien-fr\/","title":{"rendered":"Concert-lezing: &#8220;Le cerveau musicien&#8221; (FR)"},"content":{"rendered":"<p><strong>Par Isabelle Dumont et Jean-Luc Fafchamps<\/strong><\/p>\n<p><strong>Conf\u00e9rence insolite \u00e0 deux voix et piano, avec exemples et jeux musicaux, pour d\u00e9couvrir les effets et bienfaits de la musique sur notre cerveau ! <\/strong><\/p>\n<p><span style=\"font-weight: 400;\">\u00ab<\/span><span style=\"font-weight: 400;\"> L&#8217;aptitude \u00e0 produire des notes musicales et la jouissance qu&#8217;elles procurent n&#8217;\u00e9tant d&#8217;aucune utilit\u00e9 directe, nous pouvons ranger ces facult\u00e9s parmi les plus myst\u00e9rieuses dont l&#8217;homme soit dou\u00e9 \u00bb \u00e9crivait Charles Darwin, l\u2019auteur de L\u2019Origine des esp\u00e8ces, en 1871. Un si\u00e8cle plus tard, les neurosciences ont commenc\u00e9 \u00e0 lever le voile sur ce myst\u00e8re\u2026 Elles r\u00e9v\u00e8lent aujourd&#8217;hui que le pouvoir de la musique est bien plus grand qu\u2019on ne l\u2019imaginait, et que tous les cerveaux sont musiciens, capables d\u2019appr\u00e9hender et d\u2019appr\u00e9cier m\u00eame les musiques les plus contemporaines !\u00a0<\/span><\/p>\n<p><span style=\"font-weight: 400;\">Sous la forme d\u2019une conf\u00e9rence \u00e0 deux voix, ponctu\u00e9e d\u2019exemples et de jeux musicaux, nous vous invitons \u00e0 une excursion insolite entre sons et synapses, cl\u00f4tur\u00e9e par une petite pi\u00e8ce pour piano solo cr\u00e9\u00e9e et interpr\u00e9t\u00e9e par Jean-Luc Fafchamps pour l\u2019occasion.<\/span><\/p>\n","protected":false},"author":1,"featured_media":4322,"template":"","meta":{"_acf_changed":false,"footnotes":""},"lieu":[1254],"region":[],"event_type":[],"edition":[1362],"class_list":["post-4321","event","type-event","status-publish","has-post-thumbnail","hentry","lieu-le-delta-nl","edition-2020-nl"],"acf":[],"_links":{"self":[{"href":"https:\/\/www.lasemaineduson.be\/nl\/wp-json\/wp\/v2\/event\/4321","targetHints":{"allow":["GET"]}}],"collection":[{"href":"https:\/\/www.lasemaineduson.be\/nl\/wp-json\/wp\/v2\/event"}],"about":[{"href":"https:\/\/www.lasemaineduson.be\/nl\/wp-json\/wp\/v2\/types\/event"}],"author":[{"embeddable":true,"href":"https:\/\/www.lasemaineduson.be\/nl\/wp-json\/wp\/v2\/users\/1"}],"version-history":[{"count":1,"href":"https:\/\/www.lasemaineduson.be\/nl\/wp-json\/wp\/v2\/event\/4321\/revisions"}],"predecessor-version":[{"id":5540,"href":"https:\/\/www.lasemaineduson.be\/nl\/wp-json\/wp\/v2\/event\/4321\/revisions\/5540"}],"wp:featuredmedia":[{"embeddable":true,"href":"https:\/\/www.lasemaineduson.be\/nl\/wp-json\/wp\/v2\/media\/4322"}],"wp:attachment":[{"href":"https:\/\/www.lasemaineduson.be\/nl\/wp-json\/wp\/v2\/media?parent=4321"}],"wp:term":[{"taxonomy":"date","embeddable":true,"href":"https:\/\/www.lasemaineduson.be\/nl\/wp-json\/wp\/v2\/date?post=4321"},{"taxonomy":"lieu","embeddable":true,"href":"https:\/\/www.lasemaineduson.be\/nl\/wp-json\/wp\/v2\/lieu?post=4321"},{"taxonomy":"region","embeddable":true,"href":"https:\/\/www.lasemaineduson.be\/nl\/wp-json\/wp\/v2\/region?post=4321"},{"taxonomy":"event_type","embeddable":true,"href":"https:\/\/www.lasemaineduson.be\/nl\/wp-json\/wp\/v2\/event_type?post=4321"},{"taxonomy":"edition","embeddable":true,"href":"https:\/\/www.lasemaineduson.be\/nl\/wp-json\/wp\/v2\/edition?post=4321"}],"curies":[{"name":"wp","href":"https:\/\/api.w.org\/{rel}","templated":true}]}}

<p><strong>Par Isabelle Dumont et Jean-Luc Fafchamps</strong></p>
<p><strong>Conférence insolite à deux voix et piano, avec exemples et jeux musicaux, pour découvrir les effets et bienfaits de la musique sur notre cerveau ! </strong></p>
<p><span style="font-weight: 400;">«</span><span style="font-weight: 400;"> L&#8217;aptitude à produire des notes musicales et la jouissance qu&#8217;elles procurent n&#8217;étant d&#8217;aucune utilité directe, nous pouvons ranger ces facultés parmi les plus mystérieuses dont l&#8217;homme soit doué » écrivait Charles Darwin, l’auteur de L’Origine des espèces, en 1871. Un siècle plus tard, les neurosciences ont commencé à lever le voile sur ce mystère… Elles révèlent aujourd&#8217;hui que le pouvoir de la musique est bien plus grand qu’on ne l’imaginait, et que tous les cerveaux sont musiciens, capables d’appréhender et d’apprécier même les musiques les plus contemporaines ! </span></p>
<p><span style="font-weight: 400;">Sous la forme d’une conférence à deux voix, ponctuée d’exemples et de jeux musicaux, nous vous invitons à une excursion insolite entre sons et synapses, clôturée par une petite pièce pour piano solo créée et interprétée par Jean-Luc Fafchamps pour l’occasion.</span></p>
