{"id":4345,"date":[],"date_gmt":"2020-01-09T14:05:09","guid":{"rendered":"https:\/\/dev.lasemaineduson.be\/event\/concert-so-lange-es-tage-ist-laurence-mekhitarian-franck-yeznikian\/"},"modified":"2023-11-14T14:27:16","modified_gmt":"2023-11-14T13:27:16","slug":"concert-so-lange-es-tage-ist-laurence-mekhitarian-franck-yeznikian","status":"publish","type":"event","link":"https:\/\/www.lasemaineduson.be\/nl\/event\/concert-so-lange-es-tage-ist-laurence-mekhitarian-franck-yeznikian\/","title":{"rendered":"Concert: &#8220;So lange es Tage ist&#8221; Laurence Mekhitarian &#8211; Franck Yeznikian"},"content":{"rendered":"<p style=\"text-align: left;\"><strong>Une \u00e9coute in\u00e9dite de pi\u00e8ces de piano choisies dans les derni\u00e8res oeuvres de R. Schumann interpr\u00e9t\u00e9es par Laurence Mekhitarian, en alternance avec un univers de musique acousmatique con\u00e7ue par le compositeur <a href=\"https:\/\/www.franckyeznikian.com\/\" target=\"_blank\" rel=\"noopener\">F.C.Yeznikian<\/a>.<\/strong><\/p>\n<p><span style=\"font-weight: 400;\">\u00a0<\/span><span style=\"font-weight: 400;\">Un concert plac\u00e9 sous le signe de l\u2019eau et l\u2019ombre tut\u00e9laire de Robert Schumann qui donnera \u00e0 l\u2019\u00e9coute l\u2019\u0153uvre musicale singuli\u00e8re de Franck C. Yeznikian, compositeur fran\u00e7ais, d\u2019origine arm\u00e9nienne.\u00a0<\/span><\/p>\n<p><span style=\"font-weight: 400;\">\u00ab Depuis des ann\u00e9es je me penche sur l\u2019aspect liquide de la musique \u00e0 l\u2019endroit de celle que je ressens s\u2019\u00e9couler chez Robert Schumann pour qui l\u2019eau fut un mod\u00e8le de fascination. Ma passion pour son \u0153uvre s\u2019est accrue lorsque j\u2019ai d\u00e9couvert son dernier opus dans ses Geister Variationen, alors \u00e9crites juste avant que la digue ne l\u00e2che en lui et qu\u2019il tente de se noyer, \u00e0 deux reprises, un 27 f\u00e9vrier \u00e0 D\u00fcsseldorf.<\/span><\/p>\n<p><span style=\"font-weight: 400;\">A travers les \u00e9changes que j\u2019ai pu avoir avec la pianiste Laurence Mekhitarian, s\u2019est form\u00e9 le d\u00e9sir de donner \u00e0 ce projet initial in progress, une forme concertante faisant dialoguer certaines de mes pi\u00e8ces avec des pi\u00e8ces pour piano de Schumann sp\u00e9cifiquement choisies, r\u00e9pondant \u00e0 la th\u00e9matique de l\u2019eau si pr\u00e9gnante dans sa musique.<\/span><\/p>\n<p><span style=\"font-weight: 400;\">Ce concert sera d\u2019une trame sans interruption. Chacune des pi\u00e8ces pour piano r\u00e9pond \u00e0 une fonction symbolique et figurative pour nourrir \u00e0 travers les correspondances une dramaturgie formant une continuit\u00e9 de va-et-vient, tel le mouvement des vagues et des id\u00e9es tourbillonnant dans cet \u00e9coulement jusqu\u2019\u00e0 une immersion totale dans l\u2019\u00e9coute. La musique sera convoqu\u00e9e dans le sillage de cette belle hypoth\u00e8se qui voudrait que l\u2019eau aussi puisse garder m\u00e9moire des corps qui y ont \u00e9t\u00e9 plong\u00e9s. Cette immersion se suspendra dans l\u2019interrogation de l\u2019accord final de ses \u00ab Sc\u00e8nes d\u2019enfants \u00bb o\u00f9 Der Dichter spricht,\u00a0 chante de mani\u00e8re ultime \u00ab tant qu\u2019il fait encore jour \u00bb.<\/span><\/p>\n","protected":false},"author":1,"featured_media":4346,"template":"","meta":{"_acf_changed":false,"footnotes":""},"lieu":[1254],"region":[],"event_type":[],"edition":[1362],"class_list":["post-4345","event","type-event","status-publish","has-post-thumbnail","hentry","lieu-le-delta-nl","edition-2020-nl"],"acf":[],"_links":{"self":[{"href":"https:\/\/www.lasemaineduson.be\/nl\/wp-json\/wp\/v2\/event\/4345","targetHints":{"allow":["GET"]}}],"collection":[{"href":"https:\/\/www.lasemaineduson.be\/nl\/wp-json\/wp\/v2\/event"}],"about":[{"href":"https:\/\/www.lasemaineduson.be\/nl\/wp-json\/wp\/v2\/types\/event"}],"author":[{"embeddable":true,"href":"https:\/\/www.lasemaineduson.be\/nl\/wp-json\/wp\/v2\/users\/1"}],"version-history":[{"count":1,"href":"https:\/\/www.lasemaineduson.be\/nl\/wp-json\/wp\/v2\/event\/4345\/revisions"}],"predecessor-version":[{"id":5537,"href":"https:\/\/www.lasemaineduson.be\/nl\/wp-json\/wp\/v2\/event\/4345\/revisions\/5537"}],"wp:featuredmedia":[{"embeddable":true,"href":"https:\/\/www.lasemaineduson.be\/nl\/wp-json\/wp\/v2\/media\/4346"}],"wp:attachment":[{"href":"https:\/\/www.lasemaineduson.be\/nl\/wp-json\/wp\/v2\/media?parent=4345"}],"wp:term":[{"taxonomy":"date","embeddable":true,"href":"https:\/\/www.lasemaineduson.be\/nl\/wp-json\/wp\/v2\/date?post=4345"},{"taxonomy":"lieu","embeddable":true,"href":"https:\/\/www.lasemaineduson.be\/nl\/wp-json\/wp\/v2\/lieu?post=4345"},{"taxonomy":"region","embeddable":true,"href":"https:\/\/www.lasemaineduson.be\/nl\/wp-json\/wp\/v2\/region?post=4345"},{"taxonomy":"event_type","embeddable":true,"href":"https:\/\/www.lasemaineduson.be\/nl\/wp-json\/wp\/v2\/event_type?post=4345"},{"taxonomy":"edition","embeddable":true,"href":"https:\/\/www.lasemaineduson.be\/nl\/wp-json\/wp\/v2\/edition?post=4345"}],"curies":[{"name":"wp","href":"https:\/\/api.w.org\/{rel}","templated":true}]}}

<p style="text-align: left;"><strong>Une écoute inédite de pièces de piano choisies dans les dernières oeuvres de R. Schumann interprétées par Laurence Mekhitarian, en alternance avec un univers de musique acousmatique conçue par le compositeur <a href="https://www.franckyeznikian.com/" target="_blank" rel="noopener">F.C.Yeznikian</a>.</strong></p>
<p><span style="font-weight: 400;"> </span><span style="font-weight: 400;">Un concert placé sous le signe de l’eau et l’ombre tutélaire de Robert Schumann qui donnera à l’écoute l’œuvre musicale singulière de Franck C. Yeznikian, compositeur français, d’origine arménienne. </span></p>
<p><span style="font-weight: 400;">« Depuis des années je me penche sur l’aspect liquide de la musique à l’endroit de celle que je ressens s’écouler chez Robert Schumann pour qui l’eau fut un modèle de fascination. Ma passion pour son œuvre s’est accrue lorsque j’ai découvert son dernier opus dans ses Geister Variationen, alors écrites juste avant que la digue ne lâche en lui et qu’il tente de se noyer, à deux reprises, un 27 février à Düsseldorf.</span></p>
<p><span style="font-weight: 400;">A travers les échanges que j’ai pu avoir avec la pianiste Laurence Mekhitarian, s’est formé le désir de donner à ce projet initial in progress, une forme concertante faisant dialoguer certaines de mes pièces avec des pièces pour piano de Schumann spécifiquement choisies, répondant à la thématique de l’eau si prégnante dans sa musique.</span></p>
<p><span style="font-weight: 400;">Ce concert sera d’une trame sans interruption. Chacune des pièces pour piano répond à une fonction symbolique et figurative pour nourrir à travers les correspondances une dramaturgie formant une continuité de va-et-vient, tel le mouvement des vagues et des idées tourbillonnant dans cet écoulement jusqu’à une immersion totale dans l’écoute. La musique sera convoquée dans le sillage de cette belle hypothèse qui voudrait que l’eau aussi puisse garder mémoire des corps qui y ont été plongés. Cette immersion se suspendra dans l’interrogation de l’accord final de ses « Scènes d’enfants » où Der Dichter spricht,  chante de manière ultime « tant qu’il fait encore jour ».</span></p>
