{"id":4420,"date":[],"date_gmt":"2021-07-28T15:59:41","guid":{"rendered":"https:\/\/dev.lasemaineduson.be\/event\/morgen-is-een-nieuwe-dag-vernissage\/"},"modified":"2023-11-14T14:27:12","modified_gmt":"2023-11-14T13:27:12","slug":"morgen-is-een-nieuwe-dag-vernissage","status":"publish","type":"event","link":"https:\/\/www.lasemaineduson.be\/nl\/event\/morgen-is-een-nieuwe-dag-vernissage\/","title":{"rendered":"MORGEN IS EEN NIEUWE DAG &#8211; VERNISSAGE"},"content":{"rendered":"<p><b><em><strong>Vernissage om 18u in aanwezigheid van Caroline Lamarche, Christine Van Acker en Roza !<\/strong><\/em><\/b><\/p>\n<p><b>Christine Van Acker<\/b><span style=\"font-weight: 400;\"> is een Franstalige auteur en radiomaakster.<\/span><\/p>\n<p><span style=\"font-weight: 400;\"><strong>Zij hoorde maandenlang geen jongeren meer spreken. Men hoorde er alleen OVER spreken door anderen, door de media.<\/strong> Ze haakten af op school, waren depressief, zonder motivatie\u2026Ze klampten zich vast, die eenzame studenten. Ze legden examens af via hun computer. Men zei dat ze geen studentenjobs meer hadden, dat ze het moeilijk hadden om deftig te eten. Haar zoon vertelde dat er enkelen uit het raam waren gesprongen. Maar w\u00e0\u00e0r konden we h\u00e9n z\u00e9lf aan het woord laten?<\/span><\/p>\n<p><span style=\"font-weight: 400;\">Zij lanceerde dus een oproep via haar contacten, verenigingen, leerkrachten, ouders \u2026\u00a0 vroeg hen te reageren met enkele woorden, met bv \u201cgisteren, vandaag, morgen\u201d\u2026 Gedurende \u00e9\u00e9n maand kwamen <strong>44 stemmen van jongeren tussen 15 en 27 jaar,<\/strong> bekende en vele onbekende, binnen in haar mailbox, met liedjes, soms gedichten, soms muziek.\u00a0<\/span><\/p>\n<p><span style=\"font-weight: 400;\">Wat u zal horen is dus g\u00e9\u00e9n radiocreatie, het zijn de <strong>(Franstalige!) stemopnames<\/strong> van onze jongeren. Waaronder ook <\/span><b>Roza<\/b><span style=\"font-weight: 400;\">\u2026(deze jonge zangeres geeft een showcase later op de avond)<\/span><\/p>\n<p><span style=\"font-weight: 400;\">E\u00e9n van die stemmen zei <strong>\u00ab<em> Morgen is een nieuwe dag!\u00a0 En er staat me nog zoveel te wachten! \u00bb<\/em><\/strong>, vanwaar de titel van dit gebeuren in La Centrale.<strong> Demain est un autre jour!<\/strong><\/span><\/p>\n<p><em><span style=\"font-weight: 400;\">Regisseur: Christine Van Acker &#8211; <a href=\"http:\/\/www.lesgrandslunaires.org\" target=\"_blank\" rel=\"noopener\">www.lesgrandslunaires.org <\/a><\/span><\/em><\/p>\n<p><em><span style=\"font-weight: 400;\">Geluidsmix: Thierry Van Roy<\/span><\/em><\/p>\n<p><em>Deze jongerenstemmen werden ook op de radio RTBF (La Premi\u00e8re &#8211; Par Ou\u00ef-dire) uitgezonden op 24 en 31 maart en 7 april 2021.<\/em><\/p>\n<p><strong>Expo tot en met zondag 05\/09<\/strong><\/p>\n<p><iframe title=\"Christine Van Acker: \ud835\udddf\ud835\uddee \ud835\udde6\ud835\uddf2\ud835\uddfa\ud835\uddee\ud835\uddf6\ud835\uddfb\ud835\uddf2 \ud835\uddf1\ud835\ude02 \ud835\udde6\ud835\uddfc\ud835\uddfb \/ \ud835\uddd7\ud835\uddf2 \ud835\ude04\ud835\uddf2\ud835\uddf2\ud835\uddf8 \ud835\udde9\ud835\uddee\ud835\uddfb \ud835\uddf1\ud835\uddf2 \ud835\uddde\ud835\uddf9\ud835\uddee\ud835\uddfb\ud835\uddf8 \ud835\udfee\ud835\udfec\ud835\udfee\ud835\udfed\" width=\"800\" height=\"450\" src=\"https:\/\/www.youtube.com\/embed\/-AvShG4GpiY?feature=oembed\" frameborder=\"0\" allow=\"accelerometer; autoplay; clipboard-write; encrypted-media; gyroscope; picture-in-picture; web-share\" allowfullscreen><\/iframe><\/p>\n","protected":false},"author":1,"featured_media":0,"template":"","meta":{"_acf_changed":false,"footnotes":""},"lieu":[1258],"region":[],"event_type":[],"edition":[1360],"class_list":["post-4420","event","type-event","status-publish","hentry","lieu-centrale-for-contemporary-art-nl","edition-2021-nl"],"acf":[],"_links":{"self":[{"href":"https:\/\/www.lasemaineduson.be\/nl\/wp-json\/wp\/v2\/event\/4420","targetHints":{"allow":["GET"]}}],"collection":[{"href":"https:\/\/www.lasemaineduson.be\/nl\/wp-json\/wp\/v2\/event"}],"about":[{"href":"https:\/\/www.lasemaineduson.be\/nl\/wp-json\/wp\/v2\/types\/event"}],"author":[{"embeddable":true,"href":"https:\/\/www.lasemaineduson.be\/nl\/wp-json\/wp\/v2\/users\/1"}],"version-history":[{"count":1,"href":"https:\/\/www.lasemaineduson.be\/nl\/wp-json\/wp\/v2\/event\/4420\/revisions"}],"predecessor-version":[{"id":5503,"href":"https:\/\/www.lasemaineduson.be\/nl\/wp-json\/wp\/v2\/event\/4420\/revisions\/5503"}],"wp:attachment":[{"href":"https:\/\/www.lasemaineduson.be\/nl\/wp-json\/wp\/v2\/media?parent=4420"}],"wp:term":[{"taxonomy":"date","embeddable":true,"href":"https:\/\/www.lasemaineduson.be\/nl\/wp-json\/wp\/v2\/date?post=4420"},{"taxonomy":"lieu","embeddable":true,"href":"https:\/\/www.lasemaineduson.be\/nl\/wp-json\/wp\/v2\/lieu?post=4420"},{"taxonomy":"region","embeddable":true,"href":"https:\/\/www.lasemaineduson.be\/nl\/wp-json\/wp\/v2\/region?post=4420"},{"taxonomy":"event_type","embeddable":true,"href":"https:\/\/www.lasemaineduson.be\/nl\/wp-json\/wp\/v2\/event_type?post=4420"},{"taxonomy":"edition","embeddable":true,"href":"https:\/\/www.lasemaineduson.be\/nl\/wp-json\/wp\/v2\/edition?post=4420"}],"curies":[{"name":"wp","href":"https:\/\/api.w.org\/{rel}","templated":true}]}}

<p><b><em><strong>Vernissage om 18u in aanwezigheid van Caroline Lamarche, Christine Van Acker en Roza !</strong></em></b></p>
<p><b>Christine Van Acker</b><span style="font-weight: 400;"> is een Franstalige auteur en radiomaakster.</span></p>
<p><span style="font-weight: 400;"><strong>Zij hoorde maandenlang geen jongeren meer spreken. Men hoorde er alleen OVER spreken door anderen, door de media.</strong> Ze haakten af op school, waren depressief, zonder motivatie…Ze klampten zich vast, die eenzame studenten. Ze legden examens af via hun computer. Men zei dat ze geen studentenjobs meer hadden, dat ze het moeilijk hadden om deftig te eten. Haar zoon vertelde dat er enkelen uit het raam waren gesprongen. Maar wààr konden we hén zélf aan het woord laten?</span></p>
<p><span style="font-weight: 400;">Zij lanceerde dus een oproep via haar contacten, verenigingen, leerkrachten, ouders …  vroeg hen te reageren met enkele woorden, met bv “gisteren, vandaag, morgen”… Gedurende één maand kwamen <strong>44 stemmen van jongeren tussen 15 en 27 jaar,</strong> bekende en vele onbekende, binnen in haar mailbox, met liedjes, soms gedichten, soms muziek. </span></p>
<p><span style="font-weight: 400;">Wat u zal horen is dus géén radiocreatie, het zijn de <strong>(Franstalige!) stemopnames</strong> van onze jongeren. Waaronder ook </span><b>Roza</b><span style="font-weight: 400;">…(deze jonge zangeres geeft een showcase later op de avond)</span></p>
<p><span style="font-weight: 400;">Eén van die stemmen zei <strong>«<em> Morgen is een nieuwe dag!  En er staat me nog zoveel te wachten! »</em></strong>, vanwaar de titel van dit gebeuren in La Centrale.<strong> Demain est un autre jour!</strong></span></p>
<p><em><span style="font-weight: 400;">Regisseur: Christine Van Acker &#8211; <a href="http://www.lesgrandslunaires.org" target="_blank" rel="noopener">www.lesgrandslunaires.org </a></span></em></p>
<p><em><span style="font-weight: 400;">Geluidsmix: Thierry Van Roy</span></em></p>
<p><em>Deze jongerenstemmen werden ook op de radio RTBF (La Première &#8211; Par Ouï-dire) uitgezonden op 24 en 31 maart en 7 april 2021.</em></p>
<p><strong>Expo tot en met zondag 05/09</strong></p>
<p><iframe title="Christine Van Acker: 𝗟𝗮 𝗦𝗲𝗺𝗮𝗶𝗻𝗲 𝗱𝘂 𝗦𝗼𝗻 / 𝗗𝗲 𝘄𝗲𝗲𝗸 𝗩𝗮𝗻 𝗱𝗲 𝗞𝗹𝗮𝗻𝗸 𝟮𝟬𝟮𝟭" width="800" height="450" src="https://www.youtube.com/embed/-AvShG4GpiY?feature=oembed" frameborder="0" allow="accelerometer; autoplay; clipboard-write; encrypted-media; gyroscope; picture-in-picture; web-share" allowfullscreen></iframe></p>
